CRAN Package Check Results for Package agridat

Last updated on 2021-06-22 07:49:19 CEST.

Flavor Version Tinstall Tcheck Ttotal Status Flags
r-devel-linux-x86_64-debian-clang 1.18 11.24 108.19 119.43 OK
r-devel-linux-x86_64-debian-gcc 1.18 8.39 81.58 89.97 OK
r-devel-linux-x86_64-fedora-clang 1.18 152.77 OK
r-devel-linux-x86_64-fedora-gcc 1.18 165.58 OK
r-devel-windows-x86_64 1.18 21.00 180.00 201.00 OK
r-devel-windows-x86_64-gcc10-UCRT 1.18 NOTE
r-patched-linux-x86_64 1.18 16.23 102.95 119.18 OK
r-patched-solaris-x86 1.18 186.40 OK
r-release-linux-x86_64 1.18 10.25 101.93 112.18 OK
r-release-macos-arm64 1.18 NOTE
r-release-macos-x86_64 1.18 OK
r-release-windows-ix86+x86_64 1.18 21.00 188.00 209.00 OK
r-oldrel-macos-x86_64 1.18 OK

Check Details

Version: 1.18
Check: package dependencies
Result: NOTE
    Packages suggested but not available for checking: 'AER', 'car', 'nullabor'
Flavor: r-devel-windows-x86_64-gcc10-UCRT

Version: 1.18
Check: package dependencies
Result: NOTE
    Package suggested but not available for checking: ‘rgdal’
Flavor: r-release-macos-arm64