CRAN Package Check Results for Package agricolaeplotr

Last updated on 2021-11-26 19:52:43 CET.

Flavor Version Tinstall Tcheck Ttotal Status Flags
r-devel-linux-x86_64-debian-clang 0.2.2 8.11 106.50 114.61 OK
r-devel-linux-x86_64-debian-gcc 0.2.2 5.86 78.04 83.90 OK
r-devel-linux-x86_64-fedora-clang 0.2.2 145.09 NOTE
r-devel-linux-x86_64-fedora-gcc 0.2.2 138.89 NOTE
r-devel-windows-x86_64-new-UL 0.2.2 16.00 164.00 180.00 OK
r-devel-windows-x86_64-new-TK 0.2.2 NOTE
r-devel-windows-x86_64-old 0.2.2 11.00 115.00 126.00 OK
r-patched-linux-x86_64 0.2.2 8.53 92.81 101.34 OK
r-patched-solaris-x86 0.2.2 147.20 NOTE
r-release-linux-x86_64 0.2.2 OK
r-release-macos-arm64 0.2.2 NOTE
r-release-macos-x86_64 0.2.2 NOTE
r-release-windows-ix86+x86_64 0.2.2 22.00 123.00 145.00 OK
r-oldrel-macos-x86_64 0.2.2 NOTE
r-oldrel-windows-ix86+x86_64 0.2.2 20.00 130.00 150.00 OK

Check Details

Version: 0.2.2
Check: dependencies in R code
Result: NOTE
    Namespace in Imports field not imported from: ‘rmarkdown’
     All declared Imports should be used.
Flavors: r-devel-linux-x86_64-fedora-clang, r-devel-linux-x86_64-fedora-gcc, r-devel-windows-x86_64-new-TK, r-patched-solaris-x86, r-release-macos-arm64, r-release-macos-x86_64, r-oldrel-macos-x86_64