CRAN Package Check Results for Package agRee

Last updated on 2024-02-25 01:00:57 CET.

Flavor Version Tinstall Tcheck Ttotal Status Flags
r-devel-linux-x86_64-debian-clang 0.5-3 10.93 90.85 101.78 OK
r-devel-linux-x86_64-debian-gcc 0.5-3 9.25 70.70 79.95 OK
r-devel-linux-x86_64-fedora-clang 0.5-3 129.97 NOTE
r-devel-linux-x86_64-fedora-gcc 0.5-3 123.47 OK
r-devel-windows-x86_64 0.5-3 10.00 83.00 93.00 OK
r-patched-linux-x86_64 0.5-3 9.23 90.40 99.63 OK
r-release-linux-x86_64 0.5-3 9.30 90.81 100.11 OK
r-release-macos-arm64 0.5-3 45.00 OK
r-release-macos-x86_64 0.5-3 75.00 NOTE
r-release-windows-x86_64 0.5-3 14.00 96.00 110.00 OK
r-oldrel-macos-arm64 0.5-3 47.00 OK
r-oldrel-windows-x86_64 0.5-3 14.00 105.00 119.00 OK

Check Details

Version: 0.5-3
Check: Rd cross-references
Result: NOTE Undeclared packages ‘epiR’, ‘cccrm’ in Rd xrefs Flavor: r-devel-linux-x86_64-fedora-clang

Version: 0.5-3
Check: Rd cross-references
Result: NOTE Package unavailable to check Rd xrefs: ‘epiR’ Flavor: r-release-macos-x86_64