CRAN Package Check Results for Package adsDataHubR

Last updated on 2021-08-02 22:54:18 CEST.

Flavor Version Tinstall Tcheck Ttotal Status Flags
r-devel-linux-x86_64-debian-clang 0.1.1 3.58 33.10 36.68 NOTE
r-devel-linux-x86_64-debian-gcc 0.1.1 2.32 25.92 28.24 NOTE
r-devel-linux-x86_64-fedora-clang 0.1.1 53.48 NOTE
r-devel-linux-x86_64-fedora-gcc 0.1.1 42.34 NOTE
r-devel-windows-x86_64 0.1.1 5.00 53.00 58.00 NOTE
r-devel-windows-x86_64-gcc10-UCRT 0.1.1 NOTE
r-patched-linux-x86_64 0.1.1 NOTE
r-patched-solaris-x86 0.1.1 64.40 NOTE
r-release-linux-x86_64 0.1.1 3.02 31.70 34.72 NOTE
r-release-macos-arm64 0.1.1 NOTE
r-release-macos-x86_64 0.1.1 NOTE
r-release-windows-ix86+x86_64 0.1.1 9.00 39.00 48.00 NOTE
r-oldrel-macos-x86_64 0.1.1 OK
r-oldrel-windows-ix86+x86_64 0.1.1 6.00 50.00 56.00 OK

Check Details

Version: 0.1.1
Check: LazyData
Result: NOTE
     'LazyData' is specified without a 'data' directory
Flavors: r-devel-linux-x86_64-debian-clang, r-devel-linux-x86_64-debian-gcc, r-devel-linux-x86_64-fedora-clang, r-devel-linux-x86_64-fedora-gcc, r-devel-windows-x86_64, r-devel-windows-x86_64-gcc10-UCRT, r-patched-linux-x86_64, r-patched-solaris-x86, r-release-linux-x86_64, r-release-macos-arm64, r-release-macos-x86_64, r-release-windows-ix86+x86_64