CRAN Package Check Results for Package ads

Last updated on 2021-09-19 13:48:53 CEST.

Flavor Version Tinstall Tcheck Ttotal Status Flags
r-devel-linux-x86_64-debian-clang 1.5-5 22.33 117.00 139.33 OK
r-devel-linux-x86_64-debian-gcc 1.5-5 18.58 86.29 104.87 OK
r-devel-linux-x86_64-fedora-clang 1.5-5 177.85 OK
r-devel-linux-x86_64-fedora-gcc 1.5-5 170.26 OK
r-devel-windows-x86_64 1.5-5 26.00 124.00 150.00 OK
r-devel-windows-x86_64-gcc10-UCRT 1.5-5 ERROR
r-patched-linux-x86_64 1.5-5 25.17 112.80 137.97 OK
r-patched-solaris-x86 1.5-5 253.50 OK
r-release-linux-x86_64 1.5-5 22.04 113.19 135.23 OK
r-release-macos-arm64 1.5-5 OK
r-release-macos-x86_64 1.5-5 OK
r-release-windows-ix86+x86_64 1.5-5 54.00 196.00 250.00 OK
r-oldrel-macos-x86_64 1.5-5 OK
r-oldrel-windows-ix86+x86_64 1.5-5 53.00 150.00 203.00 OK

Check Details

Version: 1.5-5
Check: whether package can be installed
Result: ERROR
    Installation failed.
Flavor: r-devel-windows-x86_64-gcc10-UCRT