CRAN Package Check Results for Package adnuts

Last updated on 2021-11-26 19:52:42 CET.

Flavor Version Tinstall Tcheck Ttotal Status Flags
r-devel-linux-x86_64-debian-clang 1.1.2 11.02 105.97 116.99 NOTE
r-devel-linux-x86_64-debian-gcc 1.1.2 9.20 80.82 90.02 NOTE
r-devel-linux-x86_64-fedora-clang 1.1.2 148.82 NOTE
r-devel-linux-x86_64-fedora-gcc 1.1.2 144.17 NOTE
r-devel-windows-x86_64-new-UL 1.1.2 27.00 150.00 177.00 NOTE
r-devel-windows-x86_64-new-TK 1.1.2 NOTE
r-devel-windows-x86_64-old 1.1.2 17.00 135.00 152.00 NOTE
r-patched-linux-x86_64 1.1.2 11.15 100.21 111.36 NOTE
r-patched-solaris-x86 1.1.2 249.60 NOTE
r-release-linux-x86_64 1.1.2 NOTE
r-release-macos-arm64 1.1.2 NOTE
r-release-macos-x86_64 1.1.2 NOTE
r-release-windows-ix86+x86_64 1.1.2 28.00 134.00 162.00 NOTE
r-oldrel-macos-x86_64 1.1.2 OK
r-oldrel-windows-ix86+x86_64 1.1.2 31.00 141.00 172.00 OK

Check Details

Version: 1.1.2
Check: LazyData
Result: NOTE
     'LazyData' is specified without a 'data' directory
Flavors: r-devel-linux-x86_64-debian-clang, r-devel-linux-x86_64-debian-gcc, r-devel-linux-x86_64-fedora-clang, r-devel-linux-x86_64-fedora-gcc, r-devel-windows-x86_64-new-UL, r-devel-windows-x86_64-new-TK, r-devel-windows-x86_64-old, r-patched-linux-x86_64, r-patched-solaris-x86, r-release-linux-x86_64, r-release-macos-arm64, r-release-macos-x86_64, r-release-windows-ix86+x86_64