CRAN Package Check Results for Package admiral

Last updated on 2022-10-05 12:56:43 CEST.

Flavor Version Tinstall Tcheck Ttotal Status Flags
r-devel-linux-x86_64-debian-clang 0.8.2 16.56 291.24 307.80 ERROR
r-devel-linux-x86_64-debian-gcc 0.8.2 14.18 212.99 227.17 ERROR
r-devel-linux-x86_64-fedora-clang 0.8.2 202.28 ERROR
r-devel-linux-x86_64-fedora-gcc 0.8.2 190.26 ERROR
r-devel-windows-x86_64 0.8.2 126.00 375.00 501.00 ERROR
r-patched-linux-x86_64 0.8.2 23.06 260.69 283.75 ERROR
r-release-linux-x86_64 0.8.2 13.44 261.19 274.63 OK
r-release-macos-arm64 0.8.2 109.00 OK
r-release-macos-x86_64 0.8.2 128.00 OK
r-release-windows-x86_64 0.8.2 104.00 344.00 448.00 OK
r-oldrel-macos-arm64 0.8.2 111.00 OK
r-oldrel-macos-x86_64 0.8.2 143.00 OK
r-oldrel-windows-ix86+x86_64 0.8.2 32.00 353.00 385.00 OK

Check Details

Version: 0.8.2
Check: tests
Result: ERROR
     Running 'testthat.R' [71s/79s]
    Running the tests in 'tests/testthat.R' failed.
    Complete output:
     > library(testthat)
     > library(admiral)
     >
     > test_check("admiral")
     [1] "N" "Y" NA
     [ FAIL 3 | WARN 1 | SKIP 0 | PASS 495 ]
    
     == Failed tests ================================================================
     -- Failure (test-derive_vars_duration.R:26:3): derive_vars_duration Test 1: Duration and unit variable are added --
     Differences found between the objects!
    
     A summary is given below.
    
     Not all Values Compared Equal
     All rows are shown in table below
    
     =============================
     Variable No of Differences
     -----------------------------
     AGE 3
     AGEU 3
     -----------------------------
    
    
     All rows are shown in table below
    
     ==================================
     VARIABLE USUBJID BASE COMPARE
     ----------------------------------
     AGE P02 -15 <NA>
     AGE P03 51 <NA>
     AGE P04 0 <NA>
     ----------------------------------
    
    
     All rows are shown in table below
    
     ===================================
     VARIABLE USUBJID BASE COMPARE
     -----------------------------------
     AGEU P02 YEARS <NA>
     AGEU P03 YEARS <NA>
     AGEU P04 YEARS <NA>
     -----------------------------------
    
     -- Failure (test-derive_vars_duration.R:51:3): derive_vars_duration Test 2: Duration and unit variable are added --
     Differences found between the objects!
    
     A summary is given below.
    
     Not all Values Compared Equal
     All rows are shown in table below
    
     =============================
     Variable No of Differences
     -----------------------------
     ADURN 2
     ADURU 2
     -----------------------------
    
    
     All rows are shown in table below
    
     ===================================
     VARIABLE USUBJID BASE COMPARE
     -----------------------------------
     ADURN P03 -5479 <NA>
     ADURN P04 1 <NA>
     -----------------------------------
    
    
     All rows are shown in table below
    
     ==================================
     VARIABLE USUBJID BASE COMPARE
     ----------------------------------
     ADURU P03 DAYS <NA>
     ADURU P04 DAYS <NA>
     ----------------------------------
    
     -- Failure (test-user_helpers.R:71:3): `adam_templates` objects are printed as intended: some templates --
     capture.output(print(templates)) not identical to `expected_print_output`.
     2/3 mismatches
     x[2]: "<U+2022> ADAE"
     y[2]: "<U+2022> ADAE"
    
     x[3]: "<U+2022> ADSL"
     y[3]: "<U+2022> ADSL"
    
     [ FAIL 3 | WARN 1 | SKIP 0 | PASS 495 ]
     Error: Test failures
     Execution halted
Flavor: r-devel-linux-x86_64-debian-clang

Version: 0.8.2
Check: tests
Result: ERROR
     Running ‘testthat.R’ [51s/78s]
    Running the tests in ‘tests/testthat.R’ failed.
    Complete output:
     > library(testthat)
     > library(admiral)
     >
     > test_check("admiral")
     [1] "N" "Y" NA
     [ FAIL 2 | WARN 1 | SKIP 0 | PASS 496 ]
    
     ══ Failed tests ════════════════════════════════════════════════════════════════
     ── Failure (test-derive_vars_duration.R:26:3): derive_vars_duration Test 1: Duration and unit variable are added ──
     Differences found between the objects!
    
     A summary is given below.
    
     Not all Values Compared Equal
     All rows are shown in table below
    
     =============================
     Variable No of Differences
     -----------------------------
     AGE 3
     AGEU 3
     -----------------------------
    
    
     All rows are shown in table below
    
     ==================================
     VARIABLE USUBJID BASE COMPARE
     ----------------------------------
     AGE P02 -15 <NA>
     AGE P03 51 <NA>
     AGE P04 0 <NA>
     ----------------------------------
    
    
     All rows are shown in table below
    
     ===================================
     VARIABLE USUBJID BASE COMPARE
     -----------------------------------
     AGEU P02 YEARS <NA>
     AGEU P03 YEARS <NA>
     AGEU P04 YEARS <NA>
     -----------------------------------
    
     ── Failure (test-derive_vars_duration.R:51:3): derive_vars_duration Test 2: Duration and unit variable are added ──
     Differences found between the objects!
    
     A summary is given below.
    
     Not all Values Compared Equal
     All rows are shown in table below
    
     =============================
     Variable No of Differences
     -----------------------------
     ADURN 2
     ADURU 2
     -----------------------------
    
    
     All rows are shown in table below
    
     ===================================
     VARIABLE USUBJID BASE COMPARE
     -----------------------------------
     ADURN P03 -5479 <NA>
     ADURN P04 1 <NA>
     -----------------------------------
    
    
     All rows are shown in table below
    
     ==================================
     VARIABLE USUBJID BASE COMPARE
     ----------------------------------
     ADURU P03 DAYS <NA>
     ADURU P04 DAYS <NA>
     ----------------------------------
    
    
     [ FAIL 2 | WARN 1 | SKIP 0 | PASS 496 ]
     Error: Test failures
     Execution halted
Flavor: r-devel-linux-x86_64-debian-gcc

Version: 0.8.2
Check: tests
Result: ERROR
     Running ‘testthat.R’ [41s/41s]
    Running the tests in ‘tests/testthat.R’ failed.
    Complete output:
     > library(testthat)
     > library(admiral)
     >
     > test_check("admiral")
     [1] "N" "Y" NA
     [ FAIL 2 | WARN 1 | SKIP 0 | PASS 496 ]
    
     ══ Failed tests ════════════════════════════════════════════════════════════════
     ── Failure (test-derive_vars_duration.R:26:3): derive_vars_duration Test 1: Duration and unit variable are added ──
     Differences found between the objects!
    
     A summary is given below.
    
     Not all Values Compared Equal
     All rows are shown in table below
    
     =============================
     Variable No of Differences
     -----------------------------
     AGE 3
     AGEU 3
     -----------------------------
    
    
     All rows are shown in table below
    
     ==================================
     VARIABLE USUBJID BASE COMPARE
     ----------------------------------
     AGE P02 -15 <NA>
     AGE P03 51 <NA>
     AGE P04 0 <NA>
     ----------------------------------
    
    
     All rows are shown in table below
    
     ===================================
     VARIABLE USUBJID BASE COMPARE
     -----------------------------------
     AGEU P02 YEARS <NA>
     AGEU P03 YEARS <NA>
     AGEU P04 YEARS <NA>
     -----------------------------------
    
     ── Failure (test-derive_vars_duration.R:51:3): derive_vars_duration Test 2: Duration and unit variable are added ──
     Differences found between the objects!
    
     A summary is given below.
    
     Not all Values Compared Equal
     All rows are shown in table below
    
     =============================
     Variable No of Differences
     -----------------------------
     ADURN 2
     ADURU 2
     -----------------------------
    
    
     All rows are shown in table below
    
     ===================================
     VARIABLE USUBJID BASE COMPARE
     -----------------------------------
     ADURN P03 -5479 <NA>
     ADURN P04 1 <NA>
     -----------------------------------
    
    
     All rows are shown in table below
    
     ==================================
     VARIABLE USUBJID BASE COMPARE
     ----------------------------------
     ADURU P03 DAYS <NA>
     ADURU P04 DAYS <NA>
     ----------------------------------
    
    
     [ FAIL 2 | WARN 1 | SKIP 0 | PASS 496 ]
     Error: Test failures
     Execution halted
Flavor: r-devel-linux-x86_64-fedora-clang

Version: 0.8.2
Check: tests
Result: ERROR
     Running ‘testthat.R’ [39s/39s]
    Running the tests in ‘tests/testthat.R’ failed.
    Complete output:
     > library(testthat)
     > library(admiral)
     >
     > test_check("admiral")
     [1] "N" "Y" NA
     [ FAIL 2 | WARN 1 | SKIP 0 | PASS 496 ]
    
     ══ Failed tests ════════════════════════════════════════════════════════════════
     ── Failure (test-derive_vars_duration.R:26:3): derive_vars_duration Test 1: Duration and unit variable are added ──
     Differences found between the objects!
    
     A summary is given below.
    
     Not all Values Compared Equal
     All rows are shown in table below
    
     =============================
     Variable No of Differences
     -----------------------------
     AGE 3
     AGEU 3
     -----------------------------
    
    
     All rows are shown in table below
    
     ==================================
     VARIABLE USUBJID BASE COMPARE
     ----------------------------------
     AGE P02 -15 <NA>
     AGE P03 51 <NA>
     AGE P04 0 <NA>
     ----------------------------------
    
    
     All rows are shown in table below
    
     ===================================
     VARIABLE USUBJID BASE COMPARE
     -----------------------------------
     AGEU P02 YEARS <NA>
     AGEU P03 YEARS <NA>
     AGEU P04 YEARS <NA>
     -----------------------------------
    
     ── Failure (test-derive_vars_duration.R:51:3): derive_vars_duration Test 2: Duration and unit variable are added ──
     Differences found between the objects!
    
     A summary is given below.
    
     Not all Values Compared Equal
     All rows are shown in table below
    
     =============================
     Variable No of Differences
     -----------------------------
     ADURN 2
     ADURU 2
     -----------------------------
    
    
     All rows are shown in table below
    
     ===================================
     VARIABLE USUBJID BASE COMPARE
     -----------------------------------
     ADURN P03 -5479 <NA>
     ADURN P04 1 <NA>
     -----------------------------------
    
    
     All rows are shown in table below
    
     ==================================
     VARIABLE USUBJID BASE COMPARE
     ----------------------------------
     ADURU P03 DAYS <NA>
     ADURU P04 DAYS <NA>
     ----------------------------------
    
    
     [ FAIL 2 | WARN 1 | SKIP 0 | PASS 496 ]
     Error: Test failures
     Execution halted
Flavor: r-devel-linux-x86_64-fedora-gcc

Version: 0.8.2
Check: tests
Result: ERROR
     Running 'testthat.R' [69s]
    Running the tests in 'tests/testthat.R' failed.
    Complete output:
     > library(testthat)
     > library(admiral)
     >
     > test_check("admiral")
     [1] "N" "Y" NA
     [ FAIL 2 | WARN 1 | SKIP 0 | PASS 496 ]
    
     ══ Failed tests ════════════════════════════════════════════════════════════════
     ── Failure (test-derive_vars_duration.R:26:3): derive_vars_duration Test 1: Duration and unit variable are added ──
     Differences found between the objects!
    
     A summary is given below.
    
     Not all Values Compared Equal
     All rows are shown in table below
    
     =============================
     Variable No of Differences
     -----------------------------
     AGE 3
     AGEU 3
     -----------------------------
    
    
     All rows are shown in table below
    
     ==================================
     VARIABLE USUBJID BASE COMPARE
     ----------------------------------
     AGE P02 -15 <NA>
     AGE P03 51 <NA>
     AGE P04 0 <NA>
     ----------------------------------
    
    
     All rows are shown in table below
    
     ===================================
     VARIABLE USUBJID BASE COMPARE
     -----------------------------------
     AGEU P02 YEARS <NA>
     AGEU P03 YEARS <NA>
     AGEU P04 YEARS <NA>
     -----------------------------------
    
     ── Failure (test-derive_vars_duration.R:51:3): derive_vars_duration Test 2: Duration and unit variable are added ──
     Differences found between the objects!
    
     A summary is given below.
    
     Not all Values Compared Equal
     All rows are shown in table below
    
     =============================
     Variable No of Differences
     -----------------------------
     ADURN 2
     ADURU 2
     -----------------------------
    
    
     All rows are shown in table below
    
     ===================================
     VARIABLE USUBJID BASE COMPARE
     -----------------------------------
     ADURN P03 -5479 <NA>
     ADURN P04 1 <NA>
     -----------------------------------
    
    
     All rows are shown in table below
    
     ==================================
     VARIABLE USUBJID BASE COMPARE
     ----------------------------------
     ADURU P03 DAYS <NA>
     ADURU P04 DAYS <NA>
     ----------------------------------
    
    
     [ FAIL 2 | WARN 1 | SKIP 0 | PASS 496 ]
     Error: Test failures
     Execution halted
Flavor: r-devel-windows-x86_64

Version: 0.8.2
Check: tests
Result: ERROR
     Running ‘testthat.R’ [65s/73s]
    Running the tests in ‘tests/testthat.R’ failed.
    Complete output:
     > library(testthat)
     > library(admiral)
     >
     > test_check("admiral")
     [1] "N" "Y" NA
     [ FAIL 2 | WARN 1 | SKIP 0 | PASS 496 ]
    
     ══ Failed tests ════════════════════════════════════════════════════════════════
     ── Failure (test-derive_vars_duration.R:26:3): derive_vars_duration Test 1: Duration and unit variable are added ──
     Differences found between the objects!
    
     A summary is given below.
    
     Not all Values Compared Equal
     All rows are shown in table below
    
     =============================
     Variable No of Differences
     -----------------------------
     AGE 3
     AGEU 3
     -----------------------------
    
    
     All rows are shown in table below
    
     ==================================
     VARIABLE USUBJID BASE COMPARE
     ----------------------------------
     AGE P02 -15 <NA>
     AGE P03 51 <NA>
     AGE P04 0 <NA>
     ----------------------------------
    
    
     All rows are shown in table below
    
     ===================================
     VARIABLE USUBJID BASE COMPARE
     -----------------------------------
     AGEU P02 YEARS <NA>
     AGEU P03 YEARS <NA>
     AGEU P04 YEARS <NA>
     -----------------------------------
    
     ── Failure (test-derive_vars_duration.R:51:3): derive_vars_duration Test 2: Duration and unit variable are added ──
     Differences found between the objects!
    
     A summary is given below.
    
     Not all Values Compared Equal
     All rows are shown in table below
    
     =============================
     Variable No of Differences
     -----------------------------
     ADURN 2
     ADURU 2
     -----------------------------
    
    
     All rows are shown in table below
    
     ===================================
     VARIABLE USUBJID BASE COMPARE
     -----------------------------------
     ADURN P03 -5479 <NA>
     ADURN P04 1 <NA>
     -----------------------------------
    
    
     All rows are shown in table below
    
     ==================================
     VARIABLE USUBJID BASE COMPARE
     ----------------------------------
     ADURU P03 DAYS <NA>
     ADURU P04 DAYS <NA>
     ----------------------------------
    
    
     [ FAIL 2 | WARN 1 | SKIP 0 | PASS 496 ]
     Error: Test failures
     Execution halted
Flavor: r-patched-linux-x86_64