CRAN Package Check Results for Package adjclust

Last updated on 2022-09-27 12:52:45 CEST.

Flavor Version Tinstall Tcheck Ttotal Status Flags
r-devel-linux-x86_64-debian-clang 0.6.6 48.21 171.48 219.69 OK
r-devel-linux-x86_64-debian-gcc 0.6.6 37.32 124.80 162.12 OK
r-devel-linux-x86_64-fedora-clang 0.6.6 288.16 OK
r-devel-linux-x86_64-fedora-gcc 0.6.6 279.74 OK
r-devel-windows-x86_64 0.6.6 73.00 228.00 301.00 NOTE
r-patched-linux-x86_64 0.6.6 38.81 151.73 190.54 OK
r-release-linux-x86_64 0.6.6 40.00 153.97 193.97 OK
r-release-macos-arm64 0.6.6 66.00 NOTE
r-release-macos-x86_64 0.6.6 92.00 NOTE
r-release-windows-x86_64 0.6.6 80.00 226.00 306.00 NOTE
r-oldrel-macos-arm64 0.6.6 69.00 NOTE
r-oldrel-macos-x86_64 0.6.6 101.00 NOTE
r-oldrel-windows-ix86+x86_64 0.6.6 109.00 261.00 370.00 NOTE

Check Details

Version: 0.6.6
Check: installed package size
Result: NOTE
     installed size is 5.1Mb
     sub-directories of 1Mb or more:
     doc 3.3Mb
     libs 1.2Mb
Flavors: r-devel-windows-x86_64, r-release-macos-arm64, r-release-macos-x86_64, r-release-windows-x86_64, r-oldrel-macos-arm64, r-oldrel-macos-x86_64, r-oldrel-windows-ix86+x86_64

Version: 0.6.6
Check: package dependencies
Result: NOTE
    Package suggested but not available for checking: ‘HiTC’
Flavors: r-release-macos-arm64, r-release-macos-x86_64, r-oldrel-macos-x86_64