CRAN Package Check Results for Package adeptdata

Last updated on 2021-11-26 19:52:42 CET.

Flavor Version Tinstall Tcheck Ttotal Status Flags
r-devel-linux-x86_64-debian-clang 1.1 80.23 39.10 119.33 OK
r-devel-linux-x86_64-debian-gcc 1.1 69.56 32.04 101.60 OK
r-devel-linux-x86_64-fedora-clang 1.1 175.63 NOTE
r-devel-linux-x86_64-fedora-gcc 1.1 163.25 OK
r-devel-windows-x86_64-new-UL 1.1 118.00 76.00 194.00 NOTE
r-devel-windows-x86_64-new-TK 1.1 OK
r-devel-windows-x86_64-old 1.1 80.00 61.00 141.00 NOTE
r-patched-linux-x86_64 1.1 78.42 38.38 116.80 OK
r-patched-solaris-x86 1.1 363.50 NOTE
r-release-linux-x86_64 1.1 OK
r-release-macos-arm64 1.1 NOTE
r-release-macos-x86_64 1.1 NOTE
r-release-windows-ix86+x86_64 1.1 110.00 44.00 154.00 NOTE
r-oldrel-macos-x86_64 1.1 NOTE
r-oldrel-windows-ix86+x86_64 1.1 92.00 65.00 157.00 NOTE

Check Details

Version: 1.1
Check: installed package size
Result: NOTE
     installed size is 9.5Mb
     sub-directories of 1Mb or more:
     data 9.3Mb
Flavors: r-devel-linux-x86_64-fedora-clang, r-devel-windows-x86_64-new-UL, r-devel-windows-x86_64-old, r-patched-solaris-x86, r-release-macos-arm64, r-release-macos-x86_64, r-release-windows-ix86+x86_64, r-oldrel-macos-x86_64, r-oldrel-windows-ix86+x86_64