CRAN Package Check Results for Package adehabitatLT

Last updated on 2022-12-06 06:49:48 CET.

Flavor Version Tinstall Tcheck Ttotal Status Flags
r-devel-linux-x86_64-debian-clang 0.3.26 18.24 130.99 149.23 OK
r-devel-linux-x86_64-debian-gcc 0.3.26 11.11 104.37 115.48 OK
r-devel-linux-x86_64-fedora-clang 0.3.26 187.61 OK
r-devel-linux-x86_64-fedora-gcc 0.3.26 202.77 OK
r-devel-windows-x86_64 0.3.26 79.00 193.00 272.00 OK
r-patched-linux-x86_64 0.3.26 17.07 129.09 146.16 OK
r-release-linux-x86_64 0.3.26 16.84 129.80 146.64 OK
r-release-macos-arm64 0.3.26 83.00 NOTE
r-release-macos-x86_64 0.3.26 127.00 OK
r-release-windows-x86_64 0.3.26 103.00 205.00 308.00 OK
r-oldrel-macos-arm64 0.3.26 86.00 OK
r-oldrel-macos-x86_64 0.3.26 129.00 OK
r-oldrel-windows-ix86+x86_64 0.3.26 34.00 185.00 219.00 OK

Check Details

Version: 0.3.26
Check: package dependencies
Result: NOTE
    Package suggested but not available for checking: ‘maptools’
Flavor: r-release-macos-arm64