Last updated on 2023-03-22 12:53:40 CET.
Flavor | Version | Tinstall | Tcheck | Ttotal | Status | Flags |
---|---|---|---|---|---|---|
r-devel-linux-x86_64-debian-clang | 1.0-18 | 29.34 | 383.14 | 412.48 | OK | |
r-devel-linux-x86_64-debian-gcc | 1.0-18 | 25.32 | 289.73 | 315.05 | OK | |
r-devel-linux-x86_64-fedora-clang | 1.0-18 | 512.39 | OK | |||
r-devel-linux-x86_64-fedora-gcc | 1.0-18 | 497.57 | OK | |||
r-devel-windows-x86_64 | 1.0-18 | 141.00 | 443.00 | 584.00 | OK | |
r-patched-linux-x86_64 | 1.0-18 | 33.64 | 357.56 | 391.20 | OK | |
r-release-linux-x86_64 | 1.0-18 | 36.02 | 364.69 | 400.71 | OK | |
r-release-macos-arm64 | 1.0-18 | 137.00 | NOTE | |||
r-release-macos-x86_64 | 1.0-18 | 181.00 | OK | |||
r-release-windows-x86_64 | 1.0-18 | 211.00 | 456.00 | 667.00 | OK | |
r-oldrel-macos-arm64 | 1.0-18 | 110.00 | NOTE | |||
r-oldrel-macos-x86_64 | 1.0-18 | 178.00 | OK | |||
r-oldrel-windows-ix86+x86_64 | 1.0-18 | 59.00 | 410.00 | 469.00 | OK |
Version: 1.0-18
Check: installed package size
Result: NOTE
installed size is 5.5Mb
sub-directories of 1Mb or more:
R 2.1Mb
doc 2.9Mb
Flavors: r-release-macos-arm64, r-oldrel-macos-arm64