Last updated on 2023-03-31 06:49:36 CEST.
Flavor | Version | Tinstall | Tcheck | Ttotal | Status | Flags |
---|---|---|---|---|---|---|
r-devel-linux-x86_64-debian-clang | 1.2.1 | 16.90 | 119.25 | 136.15 | NOTE | |
r-devel-linux-x86_64-debian-gcc | 1.2.1 | 12.99 | 88.05 | 101.04 | NOTE | |
r-devel-linux-x86_64-fedora-clang | 1.2.1 | 164.31 | NOTE | |||
r-devel-linux-x86_64-fedora-gcc | 1.2.1 | 162.31 | NOTE | |||
r-devel-windows-x86_64 | 1.2.1 | 57.00 | 0.00 | 57.00 | NOTE | |
r-patched-linux-x86_64 | 1.2.1 | 17.00 | 113.36 | 130.36 | NOTE | |
r-release-linux-x86_64 | 1.2.1 | 13.56 | 111.22 | 124.78 | NOTE | |
r-release-macos-arm64 | 1.2.1 | 57.00 | NOTE | |||
r-release-macos-x86_64 | 1.2.1 | 106.00 | NOTE | |||
r-release-windows-x86_64 | 1.2.1 | 69.00 | 169.00 | 238.00 | NOTE | |
r-oldrel-macos-arm64 | 1.2.1 | 68.00 | NOTE | |||
r-oldrel-macos-x86_64 | 1.2.1 | 115.00 | NOTE | |||
r-oldrel-windows-ix86+x86_64 | 1.2.1 | 34.00 | 144.00 | 178.00 | NOTE |
Version: 1.2.1
Check: LazyData
Result: NOTE
'LazyData' is specified without a 'data' directory
Flavors: r-devel-linux-x86_64-debian-clang, r-devel-linux-x86_64-debian-gcc, r-devel-linux-x86_64-fedora-clang, r-devel-linux-x86_64-fedora-gcc, r-devel-windows-x86_64, r-patched-linux-x86_64, r-release-linux-x86_64, r-release-macos-arm64, r-release-macos-x86_64, r-release-windows-x86_64, r-oldrel-macos-arm64, r-oldrel-macos-x86_64, r-oldrel-windows-ix86+x86_64