CRAN Package Check Results for Package actuar

Last updated on 2021-10-23 14:06:33 CEST.

Flavor Version Tinstall Tcheck Ttotal Status Flags
r-devel-linux-x86_64-debian-clang 3.2-0 20.11 151.91 172.02 OK
r-devel-linux-x86_64-debian-gcc 3.2-0 16.31 109.66 125.97 OK
r-devel-linux-x86_64-fedora-clang 3.2-0 239.77 OK
r-devel-linux-x86_64-fedora-gcc 3.2-0 229.36 OK
r-devel-windows-x86_64 3.2-0 44.00 190.00 234.00 OK
r-devel-windows-x86_64-gcc10-UCRT 3.2-0 OK
r-patched-linux-x86_64 3.2-0 22.14 149.95 172.09 OK
r-patched-solaris-x86 3.2-0 285.40 OK
r-release-linux-x86_64 3.2-0 19.15 149.84 168.99 OK
r-release-macos-arm64 3.2-0 OK
r-release-macos-x86_64 3.2-0 OK
r-release-windows-ix86+x86_64 3.2-0 67.00 295.00 362.00 OK
r-oldrel-macos-x86_64 3.1-2 OK
r-oldrel-windows-ix86+x86_64 3.1-3 18.00 8.00 26.00 ERROR

Check Details

Version: 3.1-3
Check: whether package can be installed
Result: ERROR
    Installation failed.
Flavor: r-oldrel-windows-ix86+x86_64