CRAN Package Check Results for Package actel

Last updated on 2021-06-22 01:49:06 CEST.

Flavor Version Tinstall Tcheck Ttotal Status Flags
r-devel-linux-x86_64-debian-clang 1.2.1 22.93 190.25 213.18 OK
r-devel-linux-x86_64-debian-gcc 1.2.1 16.40 139.35 155.75 OK
r-devel-linux-x86_64-fedora-clang 1.2.1 255.57 NOTE
r-devel-linux-x86_64-fedora-gcc 1.2.1 249.30 NOTE
r-devel-windows-x86_64 1.2.1 33.00 218.00 251.00 OK
r-devel-windows-x86_64-gcc10-UCRT 1.2.1 ERROR
r-patched-linux-x86_64 1.2.1 22.48 181.06 203.54 OK
r-release-linux-x86_64 1.2.1 19.12 181.76 200.88 OK
r-release-macos-arm64 1.2.1 NOTE
r-release-macos-x86_64 1.2.1 NOTE
r-release-windows-ix86+x86_64 1.2.1 43.00 224.00 267.00 OK
r-oldrel-macos-x86_64 1.2.1 NOTE

Check Details

Version: 1.2.1
Check: installed package size
Result: NOTE
     installed size is 5.0Mb
     sub-directories of 1Mb or more:
     doc 3.7Mb
Flavors: r-devel-linux-x86_64-fedora-clang, r-release-macos-arm64, r-release-macos-x86_64, r-oldrel-macos-x86_64

Version: 1.2.1
Check: dependencies in R code
Result: NOTE
    Namespace in Imports field not imported from: ‘svglite’
     All declared Imports should be used.
Flavors: r-devel-linux-x86_64-fedora-clang, r-devel-linux-x86_64-fedora-gcc, r-release-macos-arm64, r-release-macos-x86_64, r-oldrel-macos-x86_64

Version: 1.2.1
Check: package dependencies
Result: ERROR
    Package required but not available: 'DiagrammeRsvg'
    
    See section 'The DESCRIPTION file' in the 'Writing R Extensions'
    manual.
Flavor: r-devel-windows-x86_64-gcc10-UCRT

Version: 1.2.1
Check: package dependencies
Result: NOTE
    Packages suggested but not available for checking:
     'rgdal', 'RGtk2', 'gWidgets2RGtk2'
Flavor: r-release-macos-arm64