CRAN Package Check Results for Package acp

Last updated on 2021-09-20 01:48:25 CEST.

Flavor Version Tinstall Tcheck Ttotal Status Flags
r-devel-linux-x86_64-debian-clang 2.1 4.32 40.26 44.58 OK
r-devel-linux-x86_64-debian-gcc 2.1 2.87 31.72 34.59 OK
r-devel-linux-x86_64-fedora-clang 2.1 61.70 OK
r-devel-linux-x86_64-fedora-gcc 2.1 51.65 OK
r-devel-windows-x86_64 2.1 5.00 44.00 49.00 OK
r-devel-windows-x86_64-gcc10-UCRT 2.1 ERROR
r-patched-linux-x86_64 2.1 4.06 39.39 43.45 OK
r-patched-solaris-x86 2.1 78.80 OK
r-release-linux-x86_64 2.1 4.16 39.27 43.43 OK
r-release-macos-arm64 2.1 OK
r-release-macos-x86_64 2.1 OK
r-release-windows-ix86+x86_64 2.1 8.00 58.00 66.00 OK
r-oldrel-macos-x86_64 2.1 OK
r-oldrel-windows-ix86+x86_64 2.1 8.00 43.00 51.00 OK

Check Details

Version: 2.1
Check: whether package can be installed
Result: WARN
    Found the following significant warnings:
     WARNING: installation-time patches will not be applied, could not get the patches index
Flavor: r-devel-windows-x86_64-gcc10-UCRT

Version: 2.1
Check: PDF version of manual
Result: WARN
    LaTeX errors when creating PDF version.
    This typically indicates Rd problems.
Flavor: r-devel-windows-x86_64-gcc10-UCRT

Version: 2.1
Check: PDF version of manual without hyperrefs or index
Result: ERROR
    Re-running with no redirection of stdout/stderr.
Flavor: r-devel-windows-x86_64-gcc10-UCRT