CRAN Package Check Results for Package acc

Last updated on 2022-10-07 00:49:14 CEST.

Flavor Version Tinstall Tcheck Ttotal Status Flags
r-devel-linux-x86_64-debian-clang 1.3.3 71.93 92.03 163.96 OK
r-devel-linux-x86_64-debian-gcc 1.3.3 53.57 67.66 121.23 OK
r-devel-linux-x86_64-fedora-clang 1.3.3 241.12 NOTE
r-devel-linux-x86_64-fedora-gcc 1.3.3 206.36 NOTE
r-devel-windows-x86_64 1.3.3 64.00 133.00 197.00 OK
r-patched-linux-x86_64 1.3.3 56.64 85.32 141.96 OK
r-release-linux-x86_64 1.3.3 56.89 83.39 140.28 OK
r-release-macos-arm64 1.3.3 59.00 OK
r-release-macos-x86_64 1.3.3 71.00 OK
r-release-windows-x86_64 1.3.3 61.00 133.00 194.00 OK
r-oldrel-macos-arm64 1.3.3 61.00 OK
r-oldrel-macos-x86_64 1.3.3 107.00 OK
r-oldrel-windows-ix86+x86_64 1.3.3 169.00 148.00 317.00 OK

Check Details

Version: 1.3.3
Check: compiled code
Result: NOTE
    File ‘acc/libs/acc.so’:
     Found no calls to: ‘R_registerRoutines’, ‘R_useDynamicSymbols’
    
    It is good practice to register native routines and to disable symbol
    search.
    
    See ‘Writing portable packages’ in the ‘Writing R Extensions’ manual.
Flavors: r-devel-linux-x86_64-fedora-clang, r-devel-linux-x86_64-fedora-gcc