CRAN Package Check Results for Package abstractr

Last updated on 2021-06-16 07:49:40 CEST.

Flavor Version Tinstall Tcheck Ttotal Status Flags
r-devel-linux-x86_64-debian-clang 0.1.0 5.93 62.36 68.29 NOTE
r-devel-linux-x86_64-debian-gcc 0.1.0 4.28 47.12 51.40 NOTE
r-devel-linux-x86_64-fedora-clang 0.1.0 92.56 NOTE
r-devel-linux-x86_64-fedora-gcc 0.1.0 78.58 NOTE
r-devel-windows-x86_64 0.1.0 11.00 85.00 96.00 NOTE
r-devel-windows-x86_64-gcc10-UCRT 0.1.0 NOTE
r-patched-linux-x86_64 0.1.0 5.66 57.82 63.48 NOTE
r-patched-solaris-x86 0.1.0 110.10 NOTE
r-release-linux-x86_64 0.1.0 4.26 57.98 62.24 NOTE
r-release-macos-arm64 0.1.0 ERROR
r-release-macos-x86_64 0.1.0 NOTE
r-release-windows-ix86+x86_64 0.1.0 16.00 84.00 100.00 NOTE
r-oldrel-macos-x86_64 0.1.0 OK
r-oldrel-windows-ix86+x86_64 0.1.0 23.00 101.00 124.00 OK

Check Details

Version: 0.1.0
Check: LazyData
Result: NOTE
     'LazyData' is specified without a 'data' directory
Flavors: r-devel-linux-x86_64-debian-clang, r-devel-linux-x86_64-debian-gcc, r-devel-linux-x86_64-fedora-clang, r-devel-linux-x86_64-fedora-gcc, r-devel-windows-x86_64, r-devel-windows-x86_64-gcc10-UCRT, r-patched-linux-x86_64, r-patched-solaris-x86, r-release-linux-x86_64, r-release-macos-x86_64, r-release-windows-ix86+x86_64

Version: 0.1.0
Check: package dependencies
Result: ERROR
    Package required but not available: ‘emojifont’
    
    See section ‘The DESCRIPTION file’ in the ‘Writing R Extensions’
    manual.
Flavor: r-release-macos-arm64