Last updated on 2023-05-30 06:57:23 CEST.
Flavor | Version | Tinstall | Tcheck | Ttotal | Status | Flags |
---|---|---|---|---|---|---|
r-devel-linux-x86_64-debian-clang | 2.7-5 | 202.59 | 191.64 | 394.23 | NOTE | |
r-devel-linux-x86_64-debian-gcc | 2.7-5 | 156.46 | 146.22 | 302.68 | NOTE | |
r-devel-linux-x86_64-fedora-clang | 2.7-5 | 754.94 | OK | |||
r-devel-linux-x86_64-fedora-gcc | 2.7-5 | 783.20 | OK | |||
r-devel-windows-x86_64 | 2.7-5 | 159.00 | 203.00 | 362.00 | NOTE | |
r-patched-linux-x86_64 | 2.7-5 | 163.83 | 188.89 | 352.72 | NOTE | |
r-release-linux-x86_64 | 2.7-5 | 152.34 | 185.58 | 337.92 | NOTE | |
r-release-macos-arm64 | 2.7-5 | 154.00 | NOTE | |||
r-release-macos-x86_64 | 2.7-3 | 232.00 | NOTE | |||
r-release-windows-x86_64 | 2.7-5 | 209.00 | 254.00 | 463.00 | NOTE | |
r-oldrel-macos-arm64 | 2.7-5 | 134.00 | NOTE | |||
r-oldrel-macos-x86_64 | 2.7-5 | 159.00 | NOTE | |||
r-oldrel-windows-x86_64 | 2.7-5 | 202.00 | 245.00 | 447.00 | NOTE |
Version: 2.7-5
Check: package dependencies
Result: NOTE
Package suggested but not available for checking: ‘INLA’
Flavors: r-devel-linux-x86_64-debian-clang, r-devel-linux-x86_64-debian-gcc, r-devel-windows-x86_64, r-patched-linux-x86_64, r-release-linux-x86_64, r-release-macos-arm64, r-release-windows-x86_64, r-oldrel-macos-arm64, r-oldrel-macos-x86_64, r-oldrel-windows-x86_64
Version: 2.7-5
Check: installed package size
Result: NOTE
installed size is 11.3Mb
sub-directories of 1Mb or more:
libs 8.4Mb
Flavors: r-release-macos-arm64, r-oldrel-macos-arm64, r-oldrel-macos-x86_64
Version: 2.7-3
Check: package dependencies
Result: NOTE
Package suggested but not available for checking: ‘INLA’
Flavor: r-release-macos-x86_64
Version: 2.7-3
Check: installed package size
Result: NOTE
installed size is 11.7Mb
sub-directories of 1Mb or more:
libs 8.7Mb
Flavor: r-release-macos-x86_64