CRAN Package Check Results for Package aRtsy

Last updated on 2024-02-25 21:49:27 CET.

Flavor Version Tinstall Tcheck Ttotal Status Flags
r-devel-linux-x86_64-debian-clang 0.2.4 304.28 144.48 448.76 OK
r-devel-linux-x86_64-debian-gcc 0.2.4 226.06 100.13 326.19 OK
r-devel-linux-x86_64-fedora-clang 0.2.4 644.89 OK
r-devel-linux-x86_64-fedora-gcc 0.2.4 621.24 OK
r-devel-windows-x86_64 0.2.4 218.00 153.00 371.00 OK
r-patched-linux-x86_64 0.2.4 283.42 130.40 413.82 OK
r-release-linux-x86_64 0.2.4 275.32 131.52 406.84 OK
r-release-macos-arm64 0.2.4 133.00 NOTE
r-release-macos-x86_64 0.2.4 152.00 NOTE
r-release-windows-x86_64 0.2.4 277.00 180.00 457.00 OK
r-oldrel-macos-arm64 0.2.4 133.00 NOTE
r-oldrel-windows-x86_64 0.2.4 265.00 173.00 438.00 OK

Check Details

Version: 0.2.4
Check: installed package size
Result: NOTE installed size is 5.8Mb sub-directories of 1Mb or more: libs 5.3Mb Flavors: r-release-macos-arm64, r-release-macos-x86_64, r-oldrel-macos-arm64