CRAN Package Check Results for Package aMNLFA

Last updated on 2021-11-26 19:52:43 CET.

Flavor Version Tinstall Tcheck Ttotal Status Flags
r-devel-linux-x86_64-debian-clang 1.0.0 5.53 58.98 64.51 OK
r-devel-linux-x86_64-debian-gcc 1.1.0 4.39 42.24 46.63 ERROR
r-devel-linux-x86_64-fedora-clang 1.1.0 88.86 NOTE
r-devel-linux-x86_64-fedora-gcc 1.1.0 75.16 NOTE
r-devel-windows-x86_64-new-UL 1.1.0 13.00 134.00 147.00 OK
r-devel-windows-x86_64-new-TK 1.0.0 NOTE
r-devel-windows-x86_64-old 1.0.0 9.00 90.00 99.00 OK
r-patched-linux-x86_64 1.1.0 5.55 52.95 58.50 ERROR
r-patched-solaris-x86 1.1.0 87.30 NOTE
r-release-linux-x86_64 1.0.0 OK
r-release-macos-arm64 1.0.0 NOTE
r-release-macos-x86_64 1.1.0 NOTE
r-release-windows-ix86+x86_64 1.0.0 12.00 64.00 76.00 OK
r-oldrel-macos-x86_64 1.1.0 NOTE
r-oldrel-windows-ix86+x86_64 1.1.0 8.00 61.00 69.00 OK

Additional issues

rlibro

Check Details

Version: 1.1.0
Check: examples
Result: ERROR
    Running examples in ‘aMNLFA-Ex.R’ failed
    The error most likely occurred in:
    
    > base::assign(".ptime", proc.time(), pos = "CheckExEnv")
    > ### Name: write.inp.file
    > ### Title: helper function for writing out Mplus inputs
    > ### Aliases: write.inp.file
    > ### Keywords: MNLFA
    >
    > ### ** Examples
    >
    > wd <- tempdir()
    > first<-paste0(system.file(package='aMNLFA'),"/examplefiles")
    > somestring <- as.data.frame("This is some text which would be written to an Mplus file.")
    > write.inp.file(somestring, first)
    Warning in file(file, ifelse(append, "a", "w")) :
     cannot open file '/home/hornik/tmp/R.check/r-devel-gcc/Work/build/Packages/aMNLFA/examplefiles': Read-only file system
    Error in file(file, ifelse(append, "a", "w")) :
     cannot open the connection
    Calls: write.inp.file -> cat -> file
    Execution halted
Flavor: r-devel-linux-x86_64-debian-gcc

Version: 1.1.0
Check: dependencies in R code
Result: NOTE
    Namespaces in Imports field not imported from:
     ‘devtools’ ‘dplyr’ ‘gridExtra’
     All declared Imports should be used.
Flavors: r-devel-linux-x86_64-fedora-clang, r-devel-linux-x86_64-fedora-gcc, r-patched-solaris-x86, r-release-macos-x86_64, r-oldrel-macos-x86_64

Version: 1.0.0
Check: dependencies in R code
Result: NOTE
    Namespaces in Imports field not imported from:
     'devtools' 'dplyr' 'gridExtra' 'plyr'
     All declared Imports should be used.
Flavors: r-devel-windows-x86_64-new-TK, r-release-macos-arm64

Version: 1.1.0
Check: examples
Result: ERROR
    Running examples in ‘aMNLFA-Ex.R’ failed
    The error most likely occurred in:
    
    > base::assign(".ptime", proc.time(), pos = "CheckExEnv")
    > ### Name: write.inp.file
    > ### Title: helper function for writing out Mplus inputs
    > ### Aliases: write.inp.file
    > ### Keywords: MNLFA
    >
    > ### ** Examples
    >
    > wd <- tempdir()
    > first<-paste0(system.file(package='aMNLFA'),"/examplefiles")
    > somestring <- as.data.frame("This is some text which would be written to an Mplus file.")
    > write.inp.file(somestring, first)
    Warning in file(file, ifelse(append, "a", "w")) :
     cannot open file '/home/hornik/tmp/R.check/r-patched-gcc/Work/build/Packages/aMNLFA/examplefiles': Read-only file system
    Error in file(file, ifelse(append, "a", "w")) :
     cannot open the connection
    Calls: write.inp.file -> cat -> file
    Execution halted
Flavor: r-patched-linux-x86_64