Last updated on 2023-02-08 12:57:26 CET.
Flavor | Version | Tinstall | Tcheck | Ttotal | Status | Flags |
---|---|---|---|---|---|---|
r-devel-linux-x86_64-debian-clang | 2.1.2 | 141.10 | 109.69 | 250.79 | OK | |
r-devel-linux-x86_64-debian-gcc | 2.1.2 | 101.37 | 81.46 | 182.83 | OK | |
r-devel-linux-x86_64-fedora-clang | 2.1.2 | 350.31 | OK | |||
r-devel-linux-x86_64-fedora-gcc | 2.1.2 | 307.87 | OK | |||
r-devel-windows-x86_64 | 2.1.2 | 97.00 | 156.00 | 253.00 | OK | |
r-patched-linux-x86_64 | 2.1.2 | 98.59 | 101.18 | 199.77 | OK | |
r-release-linux-x86_64 | 2.1.2 | 99.88 | 103.53 | 203.41 | OK | |
r-release-macos-arm64 | 2.1.2 | 93.00 | NOTE | |||
r-release-macos-x86_64 | 2.1.2 | 108.00 | NOTE | |||
r-release-windows-x86_64 | 2.1.2 | 97.00 | 163.00 | 260.00 | OK | |
r-oldrel-macos-arm64 | 2.1.2 | 91.00 | NOTE | |||
r-oldrel-macos-x86_64 | 2.1.2 | 107.00 | NOTE | |||
r-oldrel-windows-ix86+x86_64 | 2.1.2 | 270.00 | 178.00 | 448.00 | OK |
Version: 2.1.2
Check: installed package size
Result: NOTE
installed size is 10.6Mb
sub-directories of 1Mb or more:
libs 10.3Mb
Flavors: r-release-macos-arm64, r-release-macos-x86_64, r-oldrel-macos-arm64, r-oldrel-macos-x86_64