CRAN Package Check Results for Package YPPE

Last updated on 2024-02-29 06:54:25 CET.

Flavor Version Tinstall Tcheck Ttotal Status Flags
r-devel-linux-x86_64-debian-clang 1.0.1 274.50 229.42 503.92 NOTE
r-devel-linux-x86_64-debian-gcc 1.0.1 255.71 181.78 437.49 NOTE
r-devel-linux-x86_64-fedora-clang 1.0.1 630.88 NOTE
r-devel-linux-x86_64-fedora-gcc 1.0.1 754.36 NOTE
r-devel-windows-x86_64 1.0.1 214.00 205.00 419.00 NOTE
r-patched-linux-x86_64 1.0.1 258.21 243.82 502.03 NOTE
r-release-linux-x86_64 1.0.1 236.25 247.17 483.42 NOTE
r-release-macos-arm64 1.0.1 166.00 NOTE
r-release-macos-x86_64 1.0.1 262.00 NOTE
r-release-windows-x86_64 1.0.1 272.00 241.00 513.00 NOTE
r-oldrel-macos-arm64 1.0.1 131.00 NOTE
r-oldrel-windows-x86_64 1.0.1 253.00 226.00 479.00 NOTE

Check Details

Version: 1.0.1
Check: for GNU extensions in Makefiles
Result: NOTE GNU make is a SystemRequirements. Flavors: r-devel-linux-x86_64-debian-clang, r-devel-linux-x86_64-debian-gcc, r-devel-linux-x86_64-fedora-clang, r-devel-linux-x86_64-fedora-gcc, r-devel-windows-x86_64, r-patched-linux-x86_64, r-release-linux-x86_64, r-release-macos-arm64, r-release-macos-x86_64, r-release-windows-x86_64, r-oldrel-macos-arm64, r-oldrel-windows-x86_64

Version: 1.0.1
Check: dependencies in R code
Result: NOTE Namespace in Imports field not imported from: ‘rstantools’ All declared Imports should be used. Flavors: r-devel-linux-x86_64-fedora-clang, r-devel-linux-x86_64-fedora-gcc, r-oldrel-macos-arm64

Version: 1.0.1
Check: installed package size
Result: NOTE installed size is 43.1Mb sub-directories of 1Mb or more: libs 42.8Mb Flavors: r-release-macos-arm64, r-release-macos-x86_64, r-oldrel-macos-arm64