CRAN Package Check Results for Package XML

Last updated on 2021-10-21 01:49:21 CEST.

Flavor Version Tinstall Tcheck Ttotal Status Flags
r-devel-linux-x86_64-debian-clang 3.99-0.8 25.90 82.41 108.31 OK
r-devel-linux-x86_64-debian-gcc 3.99-0.8 19.50 61.40 80.90 OK
r-devel-linux-x86_64-fedora-clang 3.99-0.8 144.58 OK
r-devel-linux-x86_64-fedora-gcc 3.99-0.8 133.16 OK
r-devel-windows-x86_64 3.99-0.8 38.00 131.00 169.00 WARN
r-devel-windows-x86_64-gcc10-UCRT 3.99-0.8 WARN
r-patched-linux-x86_64 3.99-0.8 25.96 79.57 105.53 OK
r-patched-solaris-x86 3.99-0.8 157.60 OK
r-release-linux-x86_64 3.99-0.8 23.35 79.34 102.69 OK
r-release-macos-arm64 3.99-0.8 NOTE
r-release-macos-x86_64 3.99-0.8 NOTE
r-release-windows-ix86+x86_64 3.99-0.8 48.00 126.00 174.00 NOTE
r-oldrel-macos-x86_64 3.99-0.8 NOTE
r-oldrel-windows-ix86+x86_64 3.99-0.8 61.00 105.00 166.00 NOTE

Check Details

Version: 3.99-0.8
Check: installed package size
Result: NOTE
     installed size is 5.1Mb
     sub-directories of 1Mb or more:
     exampleData 1.4Mb
     libs 2.1Mb
Flavors: r-devel-windows-x86_64, r-release-macos-arm64, r-release-macos-x86_64, r-release-windows-ix86+x86_64, r-oldrel-macos-x86_64, r-oldrel-windows-ix86+x86_64

Version: 3.99-0.8
Check: PDF version of manual
Result: WARN
    LaTeX errors when creating PDF version.
    This typically indicates Rd problems.
    LaTeX errors found:
    ! xmlSApply(node, function(x)
     []
    
    [142] [143]
    Underfull \vbox (badness 10000) has occurred while \output is active []
Flavor: r-devel-windows-x86_64

Version: 3.99-0.8
Check: PDF version of manual
Result: WARN
    LaTeX errors when creating PDF version.
    This typically indicates Rd problems.
    LaTeX errors found:
    ! xmlSApply(node, function(x)
     []
    
    [142] [143]
    Package textcomp Info: Symbol \textasciigrave not provided by
Flavor: r-devel-windows-x86_64-gcc10-UCRT