CRAN Package Check Results for Package XICOR

Last updated on 2022-12-04 06:49:33 CET.

Flavor Version Tinstall Tcheck Ttotal Status Flags
r-devel-linux-x86_64-debian-clang 0.3.3 2.13 27.55 29.68 NOTE
r-devel-linux-x86_64-debian-gcc 0.3.3 1.82 20.99 22.81 NOTE
r-devel-linux-x86_64-fedora-clang 0.3.3 46.85 NOTE
r-devel-linux-x86_64-fedora-gcc 0.3.3 45.63 NOTE
r-devel-windows-x86_64 0.3.3 7.00 54.00 61.00 NOTE
r-patched-linux-x86_64 0.3.3 1.50 27.02 28.52 NOTE
r-release-linux-x86_64 0.3.3 2.05 26.50 28.55 NOTE
r-release-macos-arm64 0.3.3 17.00 NOTE
r-release-macos-x86_64 0.3.3 21.00 NOTE
r-release-windows-x86_64 0.3.3 13.00 56.00 69.00 NOTE
r-oldrel-macos-arm64 0.3.3 20.00 NOTE
r-oldrel-macos-x86_64 0.3.3 30.00 NOTE
r-oldrel-windows-ix86+x86_64 0.3.3 5.00 48.00 53.00 NOTE

Check Details

Version: 0.3.3
Check: LazyData
Result: NOTE
     'LazyData' is specified without a 'data' directory
Flavors: r-devel-linux-x86_64-debian-clang, r-devel-linux-x86_64-debian-gcc, r-devel-linux-x86_64-fedora-clang, r-devel-linux-x86_64-fedora-gcc, r-devel-windows-x86_64, r-patched-linux-x86_64, r-release-linux-x86_64, r-release-macos-arm64, r-release-macos-x86_64, r-release-windows-x86_64, r-oldrel-macos-arm64, r-oldrel-macos-x86_64, r-oldrel-windows-ix86+x86_64

Version: 0.3.3
Check: dependencies in R code
Result: NOTE
    Namespace in Imports field not imported from: ‘psychTools’
     All declared Imports should be used.
Flavors: r-devel-linux-x86_64-fedora-clang, r-devel-linux-x86_64-fedora-gcc, r-release-macos-arm64, r-release-macos-x86_64, r-oldrel-macos-arm64, r-oldrel-macos-x86_64