CRAN Package Check Results for Package WDI

Last updated on 2022-11-26 06:03:27 CET.

Flavor Version Tinstall Tcheck Ttotal Status Flags
r-devel-linux-x86_64-debian-clang 2.7.8 2.69 26.16 28.85 OK
r-devel-linux-x86_64-debian-gcc 2.7.8 2.35 20.91 23.26 OK
r-devel-linux-x86_64-fedora-clang 2.7.8 47.62 NOTE
r-devel-linux-x86_64-fedora-gcc 2.7.8 45.40 NOTE
r-devel-windows-x86_64 2.7.8 10.00 57.00 67.00 OK
r-patched-linux-x86_64 2.7.8 OK
r-release-linux-x86_64 2.7.8 2.31 25.30 27.61 OK
r-release-macos-arm64 2.7.8 24.00 NOTE
r-release-macos-x86_64 2.7.8 23.00 NOTE
r-release-windows-x86_64 2.7.8 9.00 58.00 67.00 OK
r-oldrel-macos-arm64 2.7.8 26.00 NOTE
r-oldrel-macos-x86_64 2.7.8 26.00 NOTE
r-oldrel-windows-ix86+x86_64 2.7.8 7.00 49.00 56.00 OK

Check Details

Version: 2.7.8
Check: data for non-ASCII characters
Result: NOTE
     Note: found 1668 marked UTF-8 strings
Flavors: r-devel-linux-x86_64-fedora-clang, r-devel-linux-x86_64-fedora-gcc, r-release-macos-arm64, r-release-macos-x86_64, r-oldrel-macos-arm64, r-oldrel-macos-x86_64