CRAN Package Check Results for Package VorteksExport

Last updated on 2021-11-26 19:53:09 CET.

Flavor Version Tinstall Tcheck Ttotal Status Flags
r-devel-linux-x86_64-debian-clang 0.1.8 1.84 19.46 21.30 NOTE
r-devel-linux-x86_64-debian-gcc 0.1.8 1.54 15.73 17.27 NOTE
r-devel-linux-x86_64-fedora-clang 0.1.8 37.84 NOTE
r-devel-linux-x86_64-fedora-gcc 0.1.8 26.63 NOTE
r-devel-windows-x86_64-new-UL 0.1.8 5.00 54.00 59.00 NOTE
r-devel-windows-x86_64-new-TK 0.1.8 NOTE
r-devel-windows-x86_64-old 0.1.8 3.00 36.00 39.00 NOTE
r-patched-linux-x86_64 0.1.8 1.70 18.65 20.35 NOTE
r-patched-solaris-x86 0.1.8 42.00 NOTE
r-release-linux-x86_64 0.1.8 NOTE
r-release-macos-arm64 0.1.8 NOTE
r-release-macos-x86_64 0.1.8 NOTE
r-release-windows-ix86+x86_64 0.1.8 5.00 26.00 31.00 NOTE
r-oldrel-macos-x86_64 0.1.8 OK
r-oldrel-windows-ix86+x86_64 0.1.8 4.00 40.00 44.00 OK

Check Details

Version: 0.1.8
Check: LazyData
Result: NOTE
     'LazyData' is specified without a 'data' directory
Flavors: r-devel-linux-x86_64-debian-clang, r-devel-linux-x86_64-debian-gcc, r-devel-linux-x86_64-fedora-clang, r-devel-linux-x86_64-fedora-gcc, r-devel-windows-x86_64-new-UL, r-devel-windows-x86_64-new-TK, r-devel-windows-x86_64-old, r-patched-linux-x86_64, r-patched-solaris-x86, r-release-linux-x86_64, r-release-macos-arm64, r-release-macos-x86_64, r-release-windows-ix86+x86_64