CRAN Package Check Results for Package VineCopula

Last updated on 2021-06-14 07:48:55 CEST.

Flavor Version Tinstall Tcheck Ttotal Status Flags
r-devel-linux-x86_64-debian-clang 2.4.2 30.91 144.82 175.73 OK
r-devel-linux-x86_64-debian-gcc 2.4.2 23.93 104.45 128.38 OK
r-devel-linux-x86_64-fedora-clang 2.4.2 221.22 NOTE
r-devel-linux-x86_64-fedora-gcc 2.4.2 211.71 OK
r-devel-windows-x86_64 2.4.2 50.00 187.00 237.00 OK
r-devel-windows-x86_64-gcc10-UCRT 2.4.2 OK
r-patched-linux-x86_64 2.4.2 31.34 140.02 171.36 OK
r-patched-solaris-x86 2.4.2 277.80 OK
r-release-linux-x86_64 2.4.2 29.89 140.23 170.12 OK
r-release-macos-arm64 2.4.2 OK
r-release-macos-x86_64 2.4.2 OK
r-release-windows-ix86+x86_64 2.4.2 62.00 265.00 327.00 OK
r-oldrel-macos-x86_64 2.4.2 OK
r-oldrel-windows-ix86+x86_64 2.4.2 65.00 274.00 339.00 OK

Check Details

Version: 2.4.2
Check: Rd cross-references
Result: NOTE
    Undeclared packages ‘foreach’, ‘copula’ in Rd xrefs
Flavor: r-devel-linux-x86_64-fedora-clang