CRAN Package Check Results for Package VarSelLCM

Last updated on 2021-06-23 22:54:35 CEST.

Flavor Version Tinstall Tcheck Ttotal Status Flags
r-devel-linux-x86_64-debian-clang 2.1.3.1 325.69 160.21 485.90 OK
r-devel-linux-x86_64-debian-gcc 2.1.3.1 222.26 103.95 326.21 OK
r-devel-linux-x86_64-fedora-clang 2.1.3.1 684.98 NOTE
r-devel-linux-x86_64-fedora-gcc 2.1.3.1 597.52 OK
r-devel-windows-x86_64 2.1.3.1 391.00 184.00 575.00 OK
r-devel-windows-x86_64-gcc10-UCRT 2.1.3.1 OK
r-patched-linux-x86_64 2.1.3.1 264.60 134.44 399.04 OK
r-patched-solaris-x86 2.1.3.1 581.40 OK
r-release-linux-x86_64 2.1.3.1 260.29 135.04 395.33 OK
r-release-macos-arm64 2.1.3.1 NOTE
r-release-macos-x86_64 2.1.3.1 NOTE
r-release-windows-ix86+x86_64 2.1.3.1 583.00 200.00 783.00 OK
r-oldrel-macos-x86_64 2.1.3.1 NOTE

Check Details

Version: 2.1.3.1
Check: installed package size
Result: NOTE
     installed size is 10.1Mb
     sub-directories of 1Mb or more:
     libs 9.4Mb
Flavors: r-devel-linux-x86_64-fedora-clang, r-release-macos-arm64, r-release-macos-x86_64, r-oldrel-macos-x86_64