CRAN Package Check Results for Package VIRF

Last updated on 2022-09-26 19:50:52 CEST.

Flavor Version Tinstall Tcheck Ttotal Status Flags
r-devel-linux-x86_64-debian-clang 0.1.0 16.25 130.44 146.69 NOTE
r-devel-linux-x86_64-debian-gcc 0.1.0 12.17 99.49 111.66 NOTE
r-devel-linux-x86_64-fedora-clang 0.1.0 195.08 NOTE
r-devel-linux-x86_64-fedora-gcc 0.1.0 198.51 NOTE
r-devel-windows-x86_64 0.1.0 17.00 165.00 182.00 NOTE
r-patched-linux-x86_64 0.1.0 14.96 123.97 138.93 NOTE
r-release-linux-x86_64 0.1.0 13.64 124.52 138.16 NOTE
r-release-macos-arm64 0.1.0 52.00 NOTE
r-release-macos-x86_64 0.1.0 90.00 NOTE
r-release-windows-x86_64 0.1.0 17.00 154.00 171.00 NOTE
r-oldrel-macos-arm64 0.1.0 64.00 NOTE
r-oldrel-macos-x86_64 0.1.0 113.00 NOTE
r-oldrel-windows-ix86+x86_64 0.1.0 37.00 146.00 183.00 NOTE

Check Details

Version: 0.1.0
Check: LazyData
Result: NOTE
     'LazyData' is specified without a 'data' directory
Flavors: r-devel-linux-x86_64-debian-clang, r-devel-linux-x86_64-debian-gcc, r-devel-linux-x86_64-fedora-clang, r-devel-linux-x86_64-fedora-gcc, r-devel-windows-x86_64, r-patched-linux-x86_64, r-release-linux-x86_64, r-release-macos-arm64, r-release-macos-x86_64, r-release-windows-x86_64, r-oldrel-macos-arm64, r-oldrel-macos-x86_64, r-oldrel-windows-ix86+x86_64