CRAN Package Check Results for Package VBLPCM

Last updated on 2021-09-25 19:50:21 CEST.

Flavor Version Tinstall Tcheck Ttotal Status Flags
r-devel-linux-x86_64-debian-clang 2.4.7 15.07 92.85 107.92 WARN
r-devel-linux-x86_64-debian-gcc 2.4.7 11.92 68.84 80.76 WARN
r-devel-linux-x86_64-fedora-clang 2.4.7 141.06 OK
r-devel-linux-x86_64-fedora-gcc 2.4.7 126.94 OK
r-devel-windows-x86_64 2.4.7 17.00 91.00 108.00 OK
r-devel-windows-x86_64-gcc10-UCRT 2.4.7 OK
r-patched-linux-x86_64 2.4.7 14.62 88.08 102.70 WARN
r-patched-solaris-x86 2.4.7 179.10 OK
r-release-linux-x86_64 2.4.7 13.42 87.61 101.03 WARN
r-release-macos-arm64 2.4.7 OK
r-release-macos-x86_64 2.4.7 OK
r-release-windows-ix86+x86_64 2.4.7 38.00 163.00 201.00 OK
r-oldrel-macos-x86_64 2.4.7 OK
r-oldrel-windows-ix86+x86_64 2.4.7 30.00 126.00 156.00 OK

Check Details

Version: 2.4.7
Check: top-level files
Result: WARN
     Output from running autoreconf:
     configure.ac:20: warning: AC_OUTPUT should be used without arguments.
     configure.ac:20: You should run autoupdate.
Flavors: r-devel-linux-x86_64-debian-clang, r-devel-linux-x86_64-debian-gcc, r-patched-linux-x86_64, r-release-linux-x86_64