CRAN Package Check Results for Package VARtests

Last updated on 2022-09-28 00:52:58 CEST.

Flavor Version Tinstall Tcheck Ttotal Status Flags
r-devel-linux-x86_64-debian-clang 2.0.5 110.57 48.97 159.54 NOTE
r-devel-linux-x86_64-debian-gcc 2.0.5 83.12 37.39 120.51 NOTE
r-devel-linux-x86_64-fedora-clang 2.0.5 239.65 NOTE
r-devel-linux-x86_64-fedora-gcc 2.0.5 223.68 NOTE
r-devel-windows-x86_64 2.0.5 86.00 100.00 186.00 NOTE
r-patched-linux-x86_64 2.0.5 87.04 45.45 132.49 OK
r-release-linux-x86_64 2.0.5 89.88 45.81 135.69 OK
r-release-macos-arm64 2.0.5 52.00 NOTE
r-release-macos-x86_64 2.0.5 65.00 NOTE
r-release-windows-x86_64 2.0.5 86.00 99.00 185.00 OK
r-oldrel-macos-arm64 2.0.5 59.00 NOTE
r-oldrel-macos-x86_64 2.0.5 71.00 NOTE
r-oldrel-windows-ix86+x86_64 2.0.5 256.00 95.00 351.00 OK

Check Details

Version: 2.0.5
Check: HTML version of manual
Result: NOTE
    Found the following math rendering problems:
    ACtest.Rd:89-92: Undefined control sequence: \label in ...bold{\psi }}, \label{LMstat}
    
    ACtest.Rd:116-120: Undefined control sequence: \label in ...I}_{K})^{-1}, \label{HCCME}
Flavors: r-devel-linux-x86_64-debian-clang, r-devel-linux-x86_64-debian-gcc, r-devel-linux-x86_64-fedora-clang, r-devel-linux-x86_64-fedora-gcc, r-devel-windows-x86_64

Version: 2.0.5
Check: Rd cross-references
Result: NOTE
    Undeclared package ‘vars’ in Rd xrefs
Flavor: r-devel-linux-x86_64-fedora-clang

Version: 2.0.5
Check: installed package size
Result: NOTE
     installed size is 6.4Mb
     sub-directories of 1Mb or more:
     libs 6.2Mb
Flavors: r-release-macos-arm64, r-release-macos-x86_64, r-oldrel-macos-arm64, r-oldrel-macos-x86_64