Last updated on 2023-09-29 00:57:04 CEST.
Flavor | Version | Tinstall | Tcheck | Ttotal | Status | Flags |
---|---|---|---|---|---|---|
r-devel-linux-x86_64-debian-clang | 0.1.0 | 342.81 | 144.60 | 487.41 | OK | |
r-devel-linux-x86_64-debian-gcc | 0.1.0 | 275.45 | 156.39 | 431.84 | OK | |
r-devel-linux-x86_64-fedora-clang | 0.1.0 | 729.93 | OK | |||
r-devel-linux-x86_64-fedora-gcc | 0.1.0 | 876.65 | OK | |||
r-devel-windows-x86_64 | 0.1.0 | 263.00 | 151.00 | 414.00 | OK | |
r-patched-linux-x86_64 | 0.1.0 | 343.23 | 174.03 | 517.26 | OK | |
r-release-linux-x86_64 | 0.1.0 | 329.99 | 145.65 | 475.64 | OK | |
r-release-macos-arm64 | 0.1.0 | 180.00 | NOTE | |||
r-release-macos-x86_64 | 0.1.0 | 283.00 | NOTE | |||
r-release-windows-x86_64 | 0.1.0 | 340.00 | 180.00 | 520.00 | OK | |
r-oldrel-macos-arm64 | 0.1.0 | 109.00 | NOTE | |||
r-oldrel-macos-x86_64 | 0.1.0 | 184.00 | NOTE | |||
r-oldrel-windows-x86_64 | 0.1.0 | 335.00 | 172.00 | 507.00 | OK |
Version: 0.1.0
Check: installed package size
Result: NOTE
installed size is 26.2Mb
sub-directories of 1Mb or more:
doc 2.2Mb
libs 23.8Mb
Flavors: r-release-macos-arm64, r-release-macos-x86_64, r-oldrel-macos-arm64, r-oldrel-macos-x86_64