CRAN Package Check Results for Package UniIsoRegression

Last updated on 2024-02-25 01:01:20 CET.

Flavor Version Tinstall Tcheck Ttotal Status Flags
r-devel-linux-x86_64-debian-clang 0.0-0 25.38 27.77 53.15 NOTE
r-devel-linux-x86_64-debian-gcc 0.0-0 20.34 21.92 42.26 NOTE
r-devel-linux-x86_64-fedora-clang 0.0-0 76.68 NOTE
r-devel-linux-x86_64-fedora-gcc 0.0-0 75.58 NOTE
r-devel-windows-x86_64 0.0-0 21.00 69.00 90.00 OK
r-patched-linux-x86_64 0.0-0 24.78 27.55 52.33 OK
r-release-linux-x86_64 0.0-0 23.48 27.49 50.97 OK
r-release-macos-arm64 0.0-0 25.00 OK
r-release-macos-x86_64 0.0-0 36.00 OK
r-release-windows-x86_64 0.0-0 22.00 66.00 88.00 OK
r-oldrel-macos-arm64 0.0-0 24.00 OK
r-oldrel-windows-x86_64 0.0-0 26.00 67.00 93.00 OK

Check Details

Version: 0.0-0
Check: Rd files
Result: NOTE checkRd: (-1) reg_1d.Rd:42: Lost braces; missing escapes or markup? 42 | \item Metric input is not in {1,2,3}: Metric does not exist | ^ checkRd: (-1) reg_2d.Rd:33: Lost braces; missing escapes or markup? 33 | \item Metric input is not in {1,2,3}: Metric does not exist | ^ Flavors: r-devel-linux-x86_64-debian-clang, r-devel-linux-x86_64-debian-gcc, r-devel-linux-x86_64-fedora-clang, r-devel-linux-x86_64-fedora-gcc