CRAN Package Check Results for Package UScancer

Last updated on 2021-06-21 07:49:04 CEST.

Flavor Version Tinstall Tcheck Ttotal Status Flags
r-devel-linux-x86_64-debian-clang 0.1-2 3.86 38.34 42.20 NOTE
r-devel-linux-x86_64-debian-gcc 0.1-2 2.79 29.95 32.74 NOTE
r-devel-linux-x86_64-fedora-clang 0.1-2 61.33 NOTE
r-devel-linux-x86_64-fedora-gcc 0.1-2 50.28 NOTE
r-devel-windows-x86_64 0.1-2 6.00 52.00 58.00 NOTE
r-devel-windows-x86_64-gcc10-UCRT 0.1-2 NOTE
r-patched-linux-x86_64 0.1-2 3.45 37.01 40.46 NOTE
r-patched-solaris-x86 0.1-2 82.70 NOTE
r-release-linux-x86_64 0.1-2 3.23 37.26 40.49 NOTE
r-release-macos-arm64 0.1-2 NOTE
r-release-macos-x86_64 0.1-2 NOTE
r-release-windows-ix86+x86_64 0.1-2 10.00 54.00 64.00 NOTE
r-oldrel-macos-x86_64 0.1-2 NOTE
r-oldrel-windows-ix86+x86_64 0.1-2 7.00 0.00 7.00 NOTE

Check Details

Version: 0.1-2
Check: R code for possible problems
Result: NOTE
    readSEER: no visible global function definition for 'read.fwf'
    Undefined global functions or variables:
     read.fwf
    Consider adding
     importFrom("utils", "read.fwf")
    to your NAMESPACE file.
Flavors: r-devel-linux-x86_64-debian-clang, r-devel-linux-x86_64-debian-gcc, r-devel-linux-x86_64-fedora-clang, r-devel-linux-x86_64-fedora-gcc, r-devel-windows-x86_64, r-devel-windows-x86_64-gcc10-UCRT, r-patched-linux-x86_64, r-patched-solaris-x86, r-release-linux-x86_64, r-release-macos-arm64, r-release-macos-x86_64, r-release-windows-ix86+x86_64, r-oldrel-macos-x86_64, r-oldrel-windows-ix86+x86_64

Version: 0.1-2
Check: Rd cross-references
Result: NOTE
    Undeclared package ‘sp’ in Rd xrefs
Flavor: r-devel-linux-x86_64-fedora-clang