Last updated on 2022-06-26 00:51:51 CEST.
Flavor | Version | Tinstall | Tcheck | Ttotal | Status | Flags |
---|---|---|---|---|---|---|
r-devel-linux-x86_64-debian-clang | 0.0-3 | 60.15 | 78.70 | 138.85 | OK | |
r-devel-linux-x86_64-debian-gcc | 0.0-3 | 46.22 | 61.65 | 107.87 | OK | |
r-devel-linux-x86_64-fedora-clang | 0.0-3 | 201.78 | OK | |||
r-devel-linux-x86_64-fedora-gcc | 0.0-3 | 195.68 | OK | |||
r-devel-windows-x86_64 | 0.0-3 | 42.00 | 121.00 | 163.00 | OK | |
r-patched-linux-x86_64 | 0.0-3 | 53.77 | 76.58 | 130.35 | OK | |
r-release-linux-x86_64 | 0.0-3 | 45.12 | 77.33 | 122.45 | OK | |
r-release-macos-arm64 | 0.0-3 | 52.00 | NOTE | |||
r-release-macos-x86_64 | 0.0-3 | 65.00 | NOTE | |||
r-release-windows-x86_64 | 0.0-3 | 48.00 | 119.00 | 167.00 | OK | |
r-oldrel-macos-arm64 | 0.0-3 | 56.00 | NOTE | |||
r-oldrel-macos-x86_64 | 0.0-3 | 92.00 | NOTE | |||
r-oldrel-windows-ix86+x86_64 | 0.0-3 | 129.00 | 141.00 | 270.00 | OK |
Version: 0.0-3
Check: installed package size
Result: NOTE
installed size is 5.3Mb
sub-directories of 1Mb or more:
libs 5.2Mb
Flavors: r-release-macos-arm64, r-release-macos-x86_64, r-oldrel-macos-arm64, r-oldrel-macos-x86_64