CRAN Package Check Results for Package UComp

Last updated on 2021-11-26 19:53:08 CET.

Flavor Version Tinstall Tcheck Ttotal Status Flags
r-devel-linux-x86_64-debian-clang 2.2.2 94.38 153.36 247.74 OK
r-devel-linux-x86_64-debian-gcc 2.2.2 72.54 115.91 188.45 OK
r-devel-linux-x86_64-fedora-clang 2.2.2 316.26 NOTE
r-devel-linux-x86_64-fedora-gcc 2.2.2 280.10 OK
r-devel-windows-x86_64-new-UL 2.2.2 113.00 174.00 287.00 OK
r-devel-windows-x86_64-new-TK 2.2.2 OK
r-devel-windows-x86_64-old 2.2.2 78.00 125.00 203.00 OK
r-patched-linux-x86_64 2.2.2 87.51 127.82 215.33 OK
r-patched-solaris-x86 2.2.2 210.80 OK
r-release-linux-x86_64 2.2.2 OK
r-release-macos-arm64 2.2.2 NOTE
r-release-macos-x86_64 2.2.2 NOTE
r-release-windows-ix86+x86_64 2.2.2 204.00 173.00 377.00 OK
r-oldrel-macos-x86_64 2.2.2 NOTE
r-oldrel-windows-ix86+x86_64 2.2.2 141.00 173.00 314.00 OK

Check Details

Version: 2.2.2
Check: installed package size
Result: NOTE
     installed size is 12.1Mb
     sub-directories of 1Mb or more:
     libs 11.8Mb
Flavors: r-devel-linux-x86_64-fedora-clang, r-release-macos-arm64, r-release-macos-x86_64, r-oldrel-macos-x86_64