CRAN Package Check Results for Package TwoArmSurvSim

Last updated on 2021-12-07 20:52:56 CET.

Flavor Version Tinstall Tcheck Ttotal Status Flags
r-devel-linux-x86_64-debian-clang 0.2 10.59 104.30 114.89 NOTE
r-devel-linux-x86_64-debian-gcc 0.2 9.27 78.07 87.34 NOTE
r-devel-linux-x86_64-fedora-clang 0.2 139.21 NOTE
r-devel-linux-x86_64-fedora-gcc 0.2 127.01 NOTE
r-devel-windows-x86_64-new-UL 0.2 23.00 201.00 224.00 NOTE
r-devel-windows-x86_64-new-TK 0.2 NOTE
r-devel-windows-x86_64-old 0.2 17.00 118.00 135.00 NOTE
r-patched-linux-x86_64 0.2 10.65 98.98 109.63 NOTE
r-release-linux-x86_64 0.2 9.25 97.33 106.58 NOTE
r-release-macos-arm64 0.2 NOTE
r-release-macos-x86_64 0.2 NOTE
r-release-windows-ix86+x86_64 0.2 17.00 117.00 134.00 NOTE
r-oldrel-macos-x86_64 0.2 OK
r-oldrel-windows-ix86+x86_64 0.2 24.00 122.00 146.00 OK

Check Details

Version: 0.2
Check: LazyData
Result: NOTE
     'LazyData' is specified without a 'data' directory
Flavors: r-devel-linux-x86_64-debian-clang, r-devel-linux-x86_64-debian-gcc, r-devel-linux-x86_64-fedora-clang, r-devel-linux-x86_64-fedora-gcc, r-devel-windows-x86_64-new-UL, r-devel-windows-x86_64-new-TK, r-devel-windows-x86_64-old, r-patched-linux-x86_64, r-release-linux-x86_64, r-release-macos-arm64, r-release-macos-x86_64, r-release-windows-ix86+x86_64