Last updated on 2025-01-23 12:55:17 CET.
Flavor | Version | Tinstall | Tcheck | Ttotal | Status | Flags |
---|---|---|---|---|---|---|
r-devel-linux-x86_64-debian-clang | 0.1.2 | 3.29 | 29.19 | 32.48 | NOTE | |
r-devel-linux-x86_64-debian-gcc | 0.1.2 | 2.33 | 23.08 | 25.41 | NOTE | |
r-devel-linux-x86_64-fedora-clang | 0.1.2 | 53.33 | NOTE | |||
r-devel-linux-x86_64-fedora-gcc | 0.1.2 | 48.97 | NOTE | |||
r-devel-windows-x86_64 | 0.1.2 | 8.00 | 53.00 | 61.00 | NOTE | |
r-patched-linux-x86_64 | 0.1.2 | 4.04 | 28.40 | 32.44 | NOTE | |
r-release-linux-x86_64 | 0.1.2 | 3.34 | 28.29 | 31.63 | NOTE | |
r-release-macos-arm64 | 0.1.2 | 19.00 | NOTE | |||
r-release-macos-x86_64 | 0.1.2 | 28.00 | NOTE | |||
r-release-windows-x86_64 | 0.1.2 | 5.00 | 50.00 | 55.00 | NOTE | |
r-oldrel-macos-arm64 | 0.1.2 | 21.00 | OK | |||
r-oldrel-macos-x86_64 | 0.1.2 | 28.00 | OK | |||
r-oldrel-windows-x86_64 | 0.1.2 | 7.00 | 57.00 | 64.00 | OK |
Version: 0.1.2
Check: Rd files
Result: NOTE
checkRd: (-1) fit_stm.Rd:25: Lost braces
25 | \item{xcov}{Either a \[stats]{formula} with an empty left-hand side specifying external covariates
| ^
Flavors: r-devel-linux-x86_64-debian-clang, r-devel-linux-x86_64-debian-gcc, r-devel-linux-x86_64-fedora-clang, r-devel-linux-x86_64-fedora-gcc, r-devel-windows-x86_64, r-patched-linux-x86_64, r-release-linux-x86_64, r-release-macos-arm64, r-release-macos-x86_64, r-release-windows-x86_64