CRAN Package Check Results for Package TukeyRegion

Last updated on 2023-01-31 21:51:52 CET.

Flavor Version Tinstall Tcheck Ttotal Status Flags
r-devel-linux-x86_64-debian-clang 0.1.5.5 106.92 57.34 164.26 WARN
r-devel-linux-x86_64-debian-gcc 0.1.5.5 88.04 45.21 133.25 WARN
r-devel-linux-x86_64-fedora-clang 0.1.5.5 242.23 WARN
r-devel-linux-x86_64-fedora-gcc 0.1.5.5 221.81 WARN
r-devel-windows-x86_64 0.1.5.5 111.00 130.00 241.00 NOTE
r-patched-linux-x86_64 0.1.5.5 103.57 57.88 161.45 OK
r-release-linux-x86_64 0.1.5.5 77.86 57.54 135.40 OK
r-release-macos-arm64 0.1.5.5 70.00 NOTE
r-release-macos-x86_64 0.1.5.5 76.00 NOTE
r-release-windows-x86_64 0.1.5.5 352.00 114.00 466.00 OK
r-oldrel-macos-arm64 0.1.5.5 65.00 NOTE
r-oldrel-macos-x86_64 0.1.5.5 73.00 NOTE
r-oldrel-windows-ix86+x86_64 0.1.5.5 266.00 140.00 406.00 OK

Check Details

Version: 0.1.5.5
Check: whether package can be installed
Result: WARN
    Found the following significant warnings:
     libqhull/geom2.c:1950:24: warning: a function declaration without a prototype is deprecated in all versions of C [-Wstrict-prototypes]
    See ‘/home/hornik/tmp/R.check/r-devel-clang/Work/PKGS/TukeyRegion.Rcheck/00install.out’ for details.
    * used C++ compiler: ‘Debian clang version 15.0.6’
Flavor: r-devel-linux-x86_64-debian-clang

Version: 0.1.5.5
Check: C++ specification
Result: NOTE
     Specified C++11: please update to current default of C++17
Flavors: r-devel-linux-x86_64-debian-clang, r-devel-linux-x86_64-debian-gcc, r-devel-linux-x86_64-fedora-clang, r-devel-linux-x86_64-fedora-gcc, r-devel-windows-x86_64

Version: 0.1.5.5
Check: compiled code
Result: WARN
    File ‘TukeyRegion/libs/TukeyRegion.so’:
     Found ‘__sprintf_chk’, possibly from ‘sprintf’ (C)
     Objects: ‘libqhull/global.o’, ‘libqhull/rboxlib.o’
    
    Compiled code should not call entry points which might terminate R nor
    write to stdout/stderr instead of to the console, nor use Fortran I/O
    nor system RNGs nor [v]sprintf.
    
    See ‘Writing portable packages’ in the ‘Writing R Extensions’ manual.
Flavors: r-devel-linux-x86_64-debian-clang, r-devel-linux-x86_64-debian-gcc, r-devel-linux-x86_64-fedora-gcc

Version: 0.1.5.5
Check: whether package can be installed
Result: WARN
    Found the following significant warnings:
     libqhull/geom2.c:1950:24: warning: a function declaration without a prototype is deprecated in all versions of C [-Wstrict-prototypes]
    See ‘/data/gannet/ripley/R/packages/tests-clang/TukeyRegion.Rcheck/00install.out’ for details.
    * used C++ compiler: ‘clang version 15.0.7’
Flavor: r-devel-linux-x86_64-fedora-clang

Version: 0.1.5.5
Check: compiled code
Result: WARN
    File ‘TukeyRegion/libs/TukeyRegion.so’:
     Found ‘sprintf’, possibly from ‘sprintf’ (C)
     Objects: ‘libqhull/global.o’, ‘libqhull/rboxlib.o’
    
    Compiled code should not call entry points which might terminate R nor
    write to stdout/stderr instead of to the console, nor use Fortran I/O
    nor system RNGs nor [v]sprintf.
    
    See ‘Writing portable packages’ in the ‘Writing R Extensions’ manual.
Flavor: r-devel-linux-x86_64-fedora-clang

Version: 0.1.5.5
Check: installed package size
Result: NOTE
     installed size is 5.6Mb
     sub-directories of 1Mb or more:
     libs 5.5Mb
Flavors: r-release-macos-arm64, r-release-macos-x86_64, r-oldrel-macos-arm64, r-oldrel-macos-x86_64