CRAN Package Check Results for Package TukeyRegion

Last updated on 2021-08-01 07:52:10 CEST.

Flavor Version Tinstall Tcheck Ttotal Status Flags
r-devel-linux-x86_64-debian-clang 0.1.4 98.23 48.24 146.47 OK
r-devel-linux-x86_64-debian-gcc 0.1.4 67.17 38.93 106.10 OK
r-devel-linux-x86_64-fedora-clang 0.1.4 215.84 OK
r-devel-linux-x86_64-fedora-gcc 0.1.4 187.36 OK
r-devel-windows-x86_64 0.1.4 92.00 85.00 177.00 OK
r-devel-windows-x86_64-gcc10-UCRT 0.1.4 OK
r-patched-linux-x86_64 0.1.4 OK
r-patched-solaris-x86 0.1.4 197.80 OK
r-release-linux-x86_64 0.1.4 81.01 47.71 128.72 OK
r-release-macos-arm64 0.1.4 NOTE
r-release-macos-x86_64 0.1.4 OK
r-release-windows-ix86+x86_64 0.1.4 238.00 90.00 328.00 OK
r-oldrel-macos-x86_64 0.1.4 OK
r-oldrel-windows-ix86+x86_64 0.1.4 213.00 138.00 351.00 OK

Check Details

Version: 0.1.4
Check: installed package size
Result: NOTE
     installed size is 6.0Mb
     sub-directories of 1Mb or more:
     libs 5.9Mb
Flavor: r-release-macos-arm64