Last updated on 2023-12-06 00:58:31 CET.
Flavor | Version | Tinstall | Tcheck | Ttotal | Status | Flags |
---|---|---|---|---|---|---|
r-devel-linux-x86_64-debian-clang | 0.1.6.3 | 120.99 | 66.51 | 187.50 | OK | |
r-devel-linux-x86_64-debian-gcc | 0.1.6.3 | 87.55 | 51.32 | 138.87 | OK | |
r-devel-linux-x86_64-fedora-clang | 0.1.6.3 | 259.38 | OK | |||
r-devel-linux-x86_64-fedora-gcc | 0.1.6.3 | 272.27 | OK | |||
r-devel-windows-x86_64 | 0.1.6.3 | 98.00 | 95.00 | 193.00 | OK | |
r-patched-linux-x86_64 | 0.1.6.3 | 73.76 | 64.87 | 138.63 | OK | |
r-release-linux-x86_64 | 0.1.6.3 | 72.78 | 65.18 | 137.96 | OK | |
r-release-macos-arm64 | 0.1.6.3 | 77.00 | NOTE | |||
r-release-macos-x86_64 | 0.1.6.3 | 69.00 | NOTE | |||
r-release-windows-x86_64 | 0.1.6.3 | 129.00 | 108.00 | 237.00 | OK | |
r-oldrel-macos-arm64 | 0.1.6.3 | 71.00 | NOTE | |||
r-oldrel-macos-x86_64 | 0.1.6.3 | 81.00 | NOTE | |||
r-oldrel-windows-x86_64 | 0.1.6.3 | 112.00 | 105.00 | 217.00 | OK |
Version: 0.1.6.3
Check: installed package size
Result: NOTE
installed size is 5.8Mb
sub-directories of 1Mb or more:
libs 5.7Mb
Flavors: r-release-macos-arm64, r-release-macos-x86_64, r-oldrel-macos-arm64, r-oldrel-macos-x86_64