CRAN Package Check Results for Package TreeTools

Last updated on 2022-09-30 21:49:12 CEST.

Flavor Version Tinstall Tcheck Ttotal Status Flags
r-devel-linux-x86_64-debian-clang 1.8.0 74.86 164.85 239.71 OK
r-devel-linux-x86_64-debian-gcc 1.8.0 65.97 123.41 189.38 OK
r-devel-linux-x86_64-fedora-clang 1.8.0 331.20 OK
r-devel-linux-x86_64-fedora-gcc 1.8.0 315.34 OK
r-devel-windows-x86_64 1.8.0 171.00 249.00 420.00 OK
r-patched-linux-x86_64 1.8.0 73.39 155.24 228.63 OK
r-release-linux-x86_64 1.8.0 69.22 150.73 219.95 OK
r-release-macos-arm64 1.8.0 81.00 NOTE
r-release-macos-x86_64 1.8.0 107.00 NOTE
r-release-windows-x86_64 1.8.0 238.00 248.00 486.00 OK
r-oldrel-macos-arm64 1.8.0 69.00 NOTE
r-oldrel-macos-x86_64 1.8.0 112.00 NOTE
r-oldrel-windows-ix86+x86_64 1.8.0 174.00 305.00 479.00 OK

Check Details

Version: 1.8.0
Check: installed package size
Result: NOTE
     installed size is 5.3Mb
     sub-directories of 1Mb or more:
     R 1.1Mb
     libs 3.3Mb
Flavors: r-release-macos-arm64, r-release-macos-x86_64, r-oldrel-macos-arm64, r-oldrel-macos-x86_64