CRAN Package Check Results for Package TreePar

Last updated on 2021-09-26 19:49:16 CEST.

Flavor Version Tinstall Tcheck Ttotal Status Flags
r-devel-linux-x86_64-debian-clang 3.3 13.44 95.67 109.11 NOTE
r-devel-linux-x86_64-debian-gcc 3.3 9.95 73.68 83.63 NOTE
r-devel-linux-x86_64-fedora-clang 3.3 145.27 NOTE
r-devel-linux-x86_64-fedora-gcc 3.3 137.11 NOTE
r-devel-windows-x86_64 3.3 13.00 85.00 98.00 NOTE
r-devel-windows-x86_64-gcc10-UCRT 3.3 NOTE
r-patched-linux-x86_64 3.3 13.24 91.80 105.04 NOTE
r-patched-solaris-x86 3.3 187.30 NOTE
r-release-linux-x86_64 3.3 9.78 92.41 102.19 NOTE
r-release-macos-arm64 3.3 NOTE
r-release-macos-x86_64 3.3 NOTE
r-release-windows-ix86+x86_64 3.3 27.00 116.00 143.00 NOTE
r-oldrel-macos-x86_64 3.3 NOTE
r-oldrel-windows-ix86+x86_64 3.3 19.00 88.00 107.00 NOTE

Check Details

Version: 3.3
Check: R code for possible problems
Result: NOTE
    LikAge: no visible global function definition for 'read.table'
    bd.ME.optim: no visible global function definition for 'optim'
    bd.ME.optim.rho: no visible global function definition for 'optim'
    bd.ME.optim.rho.all: no visible global function definition for 'optim'
    bd.MEyule.optim: no visible global function definition for 'optimize'
    bd.MEyule.optim: no visible global function definition for 'optim'
    bd.age.optim.matlab: no visible global function definition for
     'read.table'
    bd.groups.conf: no visible global function definition for 'uniroot'
    bd.shifts.plot: no visible global function definition for 'lines'
    bdsky.stt.optim: no visible global function definition for 'optim'
    create.mat: no visible global function definition for 'write.table'
    Undefined global functions or variables:
     lines optim optimize read.table uniroot write.table
    Consider adding
     importFrom("graphics", "lines")
     importFrom("stats", "optim", "optimize", "uniroot")
     importFrom("utils", "read.table", "write.table")
    to your NAMESPACE file.
Flavors: r-devel-linux-x86_64-debian-clang, r-devel-linux-x86_64-debian-gcc, r-devel-linux-x86_64-fedora-clang, r-devel-linux-x86_64-fedora-gcc, r-devel-windows-x86_64, r-devel-windows-x86_64-gcc10-UCRT, r-patched-linux-x86_64, r-patched-solaris-x86, r-release-linux-x86_64, r-release-macos-arm64, r-release-macos-x86_64, r-release-windows-ix86+x86_64, r-oldrel-macos-x86_64, r-oldrel-windows-ix86+x86_64