Last updated on 2025-01-13 18:49:36 CET.
Flavor | Version | Tinstall | Tcheck | Ttotal | Status | Flags |
---|---|---|---|---|---|---|
r-devel-linux-x86_64-debian-clang | 2.9.1 | 53.45 | 199.27 | 252.72 | OK | |
r-devel-linux-x86_64-debian-gcc | 2.9.2 | 36.67 | 142.42 | 179.09 | OK | |
r-devel-linux-x86_64-fedora-clang | 2.9.2 | 431.08 | OK | |||
r-devel-linux-x86_64-fedora-gcc | 2.9.2 | 446.46 | OK | |||
r-devel-windows-x86_64 | 2.9.2 | 59.00 | 233.00 | 292.00 | OK | |
r-patched-linux-x86_64 | 2.9.1 | 53.18 | 189.11 | 242.29 | NOTE | |
r-release-linux-x86_64 | 2.9.1 | 54.03 | 192.11 | 246.14 | NOTE | |
r-release-macos-arm64 | 2.9.1 | 123.00 | NOTE | |||
r-release-macos-x86_64 | 2.9.2 | 284.00 | NOTE | |||
r-release-windows-x86_64 | 2.9.1 | 57.00 | 229.00 | 286.00 | NOTE | |
r-oldrel-macos-arm64 | 2.9.1 | 166.00 | NOTE | |||
r-oldrel-macos-x86_64 | 2.9.2 | 252.00 | NOTE | |||
r-oldrel-windows-x86_64 | 2.9.1 | 66.00 | 294.00 | 360.00 | NOTE |
Version: 2.9.1
Check: package dependencies
Result: NOTE
Package suggested but not available for checking: ‘TreeDistData’
Flavors: r-patched-linux-x86_64, r-release-linux-x86_64, r-release-macos-arm64, r-release-windows-x86_64, r-oldrel-macos-arm64, r-oldrel-windows-x86_64
Version: 2.9.1
Check: installed package size
Result: NOTE
installed size is 5.2Mb
sub-directories of 1Mb or more:
doc 1.1Mb
libs 3.4Mb
Flavors: r-release-macos-arm64, r-oldrel-macos-arm64
Version: 2.9.2
Check: package dependencies
Result: NOTE
Package suggested but not available for checking: ‘TreeDistData’
Flavors: r-release-macos-x86_64, r-oldrel-macos-x86_64
Version: 2.9.2
Check: installed package size
Result: NOTE
installed size is 8.7Mb
sub-directories of 1Mb or more:
doc 4.9Mb
libs 3.1Mb
Flavors: r-release-macos-x86_64, r-oldrel-macos-x86_64