CRAN Package Check Results for Package TreeDiagram

Last updated on 2021-11-26 19:53:08 CET.

Flavor Version Tinstall Tcheck Ttotal Status Flags
r-devel-linux-x86_64-debian-clang 0.1.1 5.24 56.66 61.90 OK
r-devel-linux-x86_64-debian-gcc 0.1.1 4.62 43.09 47.71 OK
r-devel-linux-x86_64-fedora-clang 0.1.1 88.48 NOTE
r-devel-linux-x86_64-fedora-gcc 0.1.1 73.11 NOTE
r-devel-windows-x86_64-new-UL 0.1.1 12.00 225.00 237.00 OK
r-devel-windows-x86_64-new-TK 0.1.1 NOTE
r-devel-windows-x86_64-old 0.1.1 9.00 81.00 90.00 OK
r-patched-linux-x86_64 0.1.1 5.40 52.93 58.33 OK
r-patched-solaris-x86 0.1.1 106.70 NOTE
r-release-linux-x86_64 0.1.1 OK
r-release-macos-arm64 0.1.1 NOTE
r-release-macos-x86_64 0.1.1 NOTE
r-release-windows-ix86+x86_64 0.1.1 15.00 55.00 70.00 OK
r-oldrel-macos-x86_64 0.1.1 NOTE
r-oldrel-windows-ix86+x86_64 0.1.1 17.00 79.00 96.00 OK

Check Details

Version: 0.1.1
Check: dependencies in R code
Result: NOTE
    Namespace in Imports field not imported from: ‘tree’
     All declared Imports should be used.
Flavors: r-devel-linux-x86_64-fedora-clang, r-devel-linux-x86_64-fedora-gcc, r-devel-windows-x86_64-new-TK, r-patched-solaris-x86, r-release-macos-arm64, r-release-macos-x86_64, r-oldrel-macos-x86_64