CRAN Package Check Results for Package TreeBUGS

Last updated on 2021-09-16 22:55:48 CEST.

Flavor Version Tinstall Tcheck Ttotal Status Flags
r-devel-linux-x86_64-debian-clang 1.4.7 59.00 75.02 134.02 OK
r-devel-linux-x86_64-debian-gcc 1.4.7 35.91 56.33 92.24 OK
r-devel-linux-x86_64-fedora-clang 1.4.7 179.33 OK
r-devel-linux-x86_64-fedora-gcc 1.4.7 157.46 OK
r-devel-windows-x86_64 1.4.7 48.00 110.00 158.00 OK
r-devel-windows-x86_64-gcc10-UCRT 1.4.7 OK
r-patched-linux-x86_64 1.4.7 45.03 73.37 118.40 OK
r-patched-solaris-x86 1.4.7 174.70 OK
r-release-linux-x86_64 1.4.7 42.76 73.81 116.57 OK
r-release-macos-arm64 1.4.7 ERROR
r-release-macos-x86_64 1.4.7 OK
r-release-windows-ix86+x86_64 1.4.7 123.00 127.00 250.00 OK
r-oldrel-macos-x86_64 1.4.7 OK
r-oldrel-windows-ix86+x86_64 1.4.7 92.00 124.00 216.00 OK

Check Details

Version: 1.4.7
Check: package dependencies
Result: ERROR
    Packages required but not available: 'runjags', 'rjags'
    
    See section ‘The DESCRIPTION file’ in the ‘Writing R Extensions’
    manual.
Flavor: r-release-macos-arm64