CRAN Package Check Results for Package TrajDataMining

Last updated on 2021-06-23 22:54:34 CEST.

Flavor Version Tinstall Tcheck Ttotal Status Flags
r-devel-linux-x86_64-debian-clang 0.1.6 12.38 390.81 403.19 OK --no-tests
r-devel-linux-x86_64-debian-gcc 0.1.6 8.40 304.38 312.78 OK --no-tests
r-devel-linux-x86_64-fedora-clang 0.1.6 1317.13 OK
r-devel-linux-x86_64-fedora-gcc 0.1.6 1249.31 OK
r-devel-windows-x86_64 0.1.6 15.00 1186.00 1201.00 OK
r-devel-windows-x86_64-gcc10-UCRT 0.1.6 NOTE
r-patched-linux-x86_64 0.1.6 10.07 364.68 374.75 OK --no-tests
r-patched-solaris-x86 0.1.6 478.80 OK
r-release-linux-x86_64 0.1.6 10.94 371.10 382.04 OK --no-tests
r-release-macos-arm64 0.1.6 OK
r-release-macos-x86_64 0.1.6 OK
r-release-windows-ix86+x86_64 0.1.6 21.00 913.00 934.00 OK
r-oldrel-macos-x86_64 0.1.6 OK

Check Details

Version: 0.1.6
Check: package dependencies
Result: NOTE
    Package suggested but not available for checking: 'covr'
Flavor: r-devel-windows-x86_64-gcc10-UCRT