CRAN Package Check Results for Package TidyConsultant

Last updated on 2022-11-30 12:54:45 CET.

Flavor Version Tinstall Tcheck Ttotal Status Flags
r-devel-linux-x86_64-debian-clang 0.1.0 2.61 24.21 26.82 OK
r-devel-linux-x86_64-debian-gcc 0.1.0 2.36 18.98 21.34 OK
r-devel-linux-x86_64-fedora-clang 0.1.0 45.11 NOTE
r-devel-linux-x86_64-fedora-gcc 0.1.0 44.18 NOTE
r-devel-windows-x86_64 0.1.0 15.00 58.00 73.00 OK
r-patched-linux-x86_64 0.1.0 2.61 23.09 25.70 OK
r-release-linux-x86_64 0.1.0 2.12 23.44 25.56 OK
r-release-macos-arm64 0.1.0 17.00 NOTE
r-release-macos-x86_64 0.1.0 25.00 NOTE
r-release-windows-x86_64 0.1.0 11.00 59.00 70.00 OK
r-oldrel-macos-arm64 0.1.0 16.00 NOTE
r-oldrel-macos-x86_64 0.1.0 23.00 NOTE
r-oldrel-windows-ix86+x86_64 0.1.0 11.00 57.00 68.00 OK

Check Details

Version: 0.1.0
Check: dependencies in R code
Result: NOTE
    Namespaces in Imports field not imported from:
     ‘autostats’ ‘badger’ ‘framecleaner’ ‘presenter’ ‘tidybins’ ‘validata’
     All declared Imports should be used.
Flavors: r-devel-linux-x86_64-fedora-clang, r-devel-linux-x86_64-fedora-gcc, r-release-macos-arm64, r-release-macos-x86_64, r-oldrel-macos-arm64, r-oldrel-macos-x86_64