Last updated on 2023-02-08 18:51:35 CET.
Flavor | Version | Tinstall | Tcheck | Ttotal | Status | Flags |
---|---|---|---|---|---|---|
r-devel-linux-x86_64-debian-clang | 0.1.0 | 4.72 | 42.50 | 47.22 | NOTE | |
r-devel-linux-x86_64-debian-gcc | 0.1.0 | 3.62 | 32.26 | 35.88 | NOTE | |
r-devel-linux-x86_64-fedora-clang | 0.1.0 | 57.82 | NOTE | |||
r-devel-linux-x86_64-fedora-gcc | 0.1.0 | 56.40 | NOTE | |||
r-devel-windows-x86_64 | 0.1.0 | 19.00 | 67.00 | 86.00 | NOTE | |
r-patched-linux-x86_64 | 0.1.0 | 4.80 | 42.90 | 47.70 | NOTE | |
r-release-linux-x86_64 | 0.1.0 | 3.35 | 42.34 | 45.69 | NOTE | |
r-release-macos-arm64 | 0.1.0 | 21.00 | NOTE | |||
r-release-macos-x86_64 | 0.1.0 | 25.00 | NOTE | |||
r-release-windows-x86_64 | 0.1.0 | 24.00 | 73.00 | 97.00 | NOTE | |
r-oldrel-macos-arm64 | 0.1.0 | 24.00 | NOTE | |||
r-oldrel-macos-x86_64 | 0.1.0 | 34.00 | NOTE | |||
r-oldrel-windows-ix86+x86_64 | 0.1.0 | 12.00 | 69.00 | 81.00 | NOTE |
Version: 0.1.0
Check: LazyData
Result: NOTE
'LazyData' is specified without a 'data' directory
Flavors: r-devel-linux-x86_64-debian-clang, r-devel-linux-x86_64-debian-gcc, r-devel-linux-x86_64-fedora-clang, r-devel-linux-x86_64-fedora-gcc, r-devel-windows-x86_64, r-patched-linux-x86_64, r-release-linux-x86_64, r-release-macos-arm64, r-release-macos-x86_64, r-release-windows-x86_64, r-oldrel-macos-arm64, r-oldrel-macos-x86_64, r-oldrel-windows-ix86+x86_64