CRAN Package Check Results for Package ThankYouStars

Last updated on 2021-08-01 07:52:09 CEST.

Flavor Version Tinstall Tcheck Ttotal Status Flags
r-devel-linux-x86_64-debian-clang 0.2.0 2.02 24.49 26.51 NOTE
r-devel-linux-x86_64-debian-gcc 0.2.0 1.46 19.97 21.43 NOTE
r-devel-linux-x86_64-fedora-clang 0.2.0 41.80 NOTE
r-devel-linux-x86_64-fedora-gcc 0.2.0 40.68 NOTE
r-devel-windows-x86_64 0.2.0 3.00 41.00 44.00 NOTE
r-devel-windows-x86_64-gcc10-UCRT 0.2.0 NOTE
r-patched-linux-x86_64 0.2.0 NOTE
r-patched-solaris-x86 0.2.0 49.00 NOTE
r-release-linux-x86_64 0.2.0 1.98 23.74 25.72 NOTE
r-release-macos-arm64 0.2.0 NOTE
r-release-macos-x86_64 0.2.0 NOTE
r-release-windows-ix86+x86_64 0.2.0 5.00 29.00 34.00 NOTE
r-oldrel-macos-x86_64 0.2.0 OK
r-oldrel-windows-ix86+x86_64 0.2.0 4.00 41.00 45.00 OK

Check Details

Version: 0.2.0
Check: LazyData
Result: NOTE
     'LazyData' is specified without a 'data' directory
Flavors: r-devel-linux-x86_64-debian-clang, r-devel-linux-x86_64-debian-gcc, r-devel-linux-x86_64-fedora-clang, r-devel-linux-x86_64-fedora-gcc, r-devel-windows-x86_64, r-devel-windows-x86_64-gcc10-UCRT, r-patched-linux-x86_64, r-patched-solaris-x86, r-release-linux-x86_64, r-release-macos-arm64, r-release-macos-x86_64, r-release-windows-ix86+x86_64