CRAN Package Check Results for Package TestFunctions

Last updated on 2022-06-26 00:51:50 CEST.

Flavor Version Tinstall Tcheck Ttotal Status Flags
r-devel-linux-x86_64-debian-clang 0.2.0 3.96 37.28 41.24 NOTE
r-devel-linux-x86_64-debian-gcc 0.2.0 2.65 28.50 31.15 NOTE
r-devel-linux-x86_64-fedora-clang 0.2.0 60.25 NOTE
r-devel-linux-x86_64-fedora-gcc 0.2.0 59.03 NOTE
r-devel-windows-x86_64 0.2.0 63.00 67.00 130.00 NOTE
r-patched-linux-x86_64 0.2.0 3.31 36.02 39.33 NOTE
r-release-linux-x86_64 0.2.0 2.84 36.04 38.88 NOTE
r-release-macos-arm64 0.2.0 21.00 NOTE
r-release-macos-x86_64 0.2.0 32.00 NOTE
r-release-windows-x86_64 0.2.0 58.00 70.00 128.00 NOTE
r-oldrel-macos-arm64 0.2.0 22.00 NOTE
r-oldrel-macos-x86_64 0.2.0 39.00 NOTE
r-oldrel-windows-ix86+x86_64 0.2.0 8.00 59.00 67.00 NOTE

Check Details

Version: 0.2.0
Check: LazyData
Result: NOTE
     'LazyData' is specified without a 'data' directory
Flavors: r-devel-linux-x86_64-debian-clang, r-devel-linux-x86_64-debian-gcc, r-devel-linux-x86_64-fedora-clang, r-devel-linux-x86_64-fedora-gcc, r-devel-windows-x86_64, r-patched-linux-x86_64, r-release-linux-x86_64, r-release-macos-arm64, r-release-macos-x86_64, r-release-windows-x86_64, r-oldrel-macos-arm64, r-oldrel-macos-x86_64, r-oldrel-windows-ix86+x86_64