CRAN Package Check Results for Package TensorClustering

Last updated on 2023-02-02 21:50:22 CET.

Flavor Version Tinstall Tcheck Ttotal Status Flags
r-devel-linux-x86_64-debian-clang 1.0.2 7.54 48.08 55.62 OK
r-devel-linux-x86_64-debian-gcc 1.0.2 5.97 36.58 42.55 OK
r-devel-linux-x86_64-fedora-clang 1.0.2 68.14 NOTE
r-devel-linux-x86_64-fedora-gcc 1.0.2 66.83 NOTE
r-patched-linux-x86_64 1.0.2 6.72 46.84 53.56 OK
r-release-linux-x86_64 1.0.2 5.98 47.31 53.29 OK
r-release-macos-arm64 1.0.2 26.00 NOTE
r-release-macos-x86_64 1.0.2 32.00 NOTE
r-release-windows-x86_64 1.0.2 57.00 83.00 140.00 OK
r-oldrel-macos-arm64 1.0.2 29.00 NOTE
r-oldrel-macos-x86_64 1.0.2 32.00 NOTE
r-oldrel-windows-ix86+x86_64 1.0.2 18.00 92.00 110.00 OK

Check Details

Version: 1.0.2
Check: dependencies in R code
Result: NOTE
    Namespace in Imports field not imported from: ‘Rcpp’
     All declared Imports should be used.
Flavors: r-devel-linux-x86_64-fedora-clang, r-devel-linux-x86_64-fedora-gcc, r-release-macos-arm64, r-release-macos-x86_64, r-oldrel-macos-arm64, r-oldrel-macos-x86_64